{"id":34665,"date":"2025-06-06T08:47:07","date_gmt":"2025-06-06T08:47:07","guid":{"rendered":"https:\/\/digitalworkflowmasters.com\/?page_id=34665"},"modified":"2025-06-24T13:11:22","modified_gmt":"2025-06-24T13:11:22","slug":"privacy-policy-2","status":"publish","type":"page","link":"https:\/\/digitalworkflowmasters.com\/romana\/privacy-policy-2\/","title":{"rendered":"Privacy Policy"},"content":{"rendered":"\t\t<div data-elementor-type=\"wp-page\" data-elementor-id=\"34665\" class=\"elementor elementor-34665\" data-elementor-post-type=\"page\">\n\t\t\t\t<div class=\"elementor-element elementor-element-83ffa8d e-grid e-con-boxed cmsmasters-block-default e-con e-parent\" data-id=\"83ffa8d\" data-element_type=\"container\">\n\t\t\t\t\t<div class=\"e-con-inner\">\n\t\t\t\t\t<\/div>\n\t\t\t\t<\/div>\n\t\t<div class=\"elementor-element elementor-element-be96850 e-flex e-con-boxed cmsmasters-block-default e-con e-parent\" data-id=\"be96850\" data-element_type=\"container\">\n\t\t\t\t\t<div class=\"e-con-inner\">\n\t\t\t\t<div class=\"elementor-element elementor-element-1b2c07b cmsmasters-block-default cmsmasters-sticky-default elementor-widget elementor-widget-text-editor\" data-id=\"1b2c07b\" data-element_type=\"widget\" data-widget_type=\"text-editor.default\">\n\t\t\t\t<div class=\"elementor-widget-container\">\n\t\t\t\t\t\t\t\t\t<h2 data-start=\"90\" data-end=\"126\"><strong data-start=\"93\" data-end=\"126\">Politica de Confiden\u021bialitate<\/strong><\/h2><h3 data-start=\"128\" data-end=\"147\"><strong data-start=\"132\" data-end=\"147\">Cine suntem<\/strong><\/h3><p data-start=\"149\" data-end=\"243\">Adresa site-ului este: <a class=\"\" href=\"http:\/\/www.digitalworkflowmasters.com\" target=\"_new\" rel=\"noopener\" data-start=\"172\" data-end=\"243\">www.digitalworkflowmasters.com<\/a><\/p><hr data-start=\"245\" data-end=\"248\" \/><h3 data-start=\"250\" data-end=\"305\"><strong data-start=\"254\" data-end=\"305\">Ce date personale colect\u0103m \u0219i de ce le colect\u0103m<\/strong><\/h3><p data-start=\"307\" data-end=\"649\">Colect\u0103m informa\u021biile dumneavoastr\u0103 personale atunci c\u00e2nd sunt relevante pentru nevoile dumneavoastr\u0103 de consum (de exemplu, atunci c\u00e2nd cump\u0103ra\u021bi \u0219i\/sau comanda\u021bi produse \u0219i\/sau servicii de la noi, c\u00e2nd v\u0103 \u00eenregistra\u021bi pe site-ul nostru, c\u00e2nd ne contacta\u021bi prin formularele de contact de pe site sau c\u00e2nd v\u0103 abona\u021bi la newsletter-ul nostru).<\/p><p data-start=\"651\" data-end=\"808\">Ob\u021binem informa\u021biile dumneavoastr\u0103 personale direct de la dumneavoastr\u0103 atunci c\u00e2nd comanda\u021bi anumite produse sau servicii sau completa\u021bi un anumit formular.<\/p><p data-start=\"810\" data-end=\"1015\"><strong data-start=\"810\" data-end=\"880\">Nu folosim datele dumneavoastr\u0103 personale \u00een scopuri de marketing.<\/strong> Dac\u0103 dori\u021bi s\u0103 v\u0103 trimitem detalii despre produsele, serviciile, ofertele \u0219i promo\u021biile noastre, v\u0103 rug\u0103m s\u0103 v\u0103 abona\u021bi la newsletter.<\/p><p data-start=\"1017\" data-end=\"1194\">Toate informa\u021biile dumneavoastr\u0103 personale sunt tratate confiden\u021bial \u0219i protejate corespunz\u0103tor de c\u0103tre <a class=\"\" href=\"http:\/\/www.digitalworkflowmasters.com\" target=\"_new\" rel=\"noopener\" data-start=\"1122\" data-end=\"1193\">www.digitalworkflowmasters.com<\/a>.<\/p><p data-start=\"1196\" data-end=\"1740\">Categoriile comune de date pe care le colect\u0103m de la clien\u021bii no\u0219tri includ: nume, adres\u0103, adres\u0103 de e-mail, num\u0103r de telefon, adres\u0103 de facturare, adres\u0103 de livrare, informa\u021bii financiare, inclusiv date despre cardul de credit sau debit ori alte metode de plat\u0103 pe care le furniza\u021bi atunci c\u00e2nd completa\u021bi formulare pe site sau efectua\u021bi pl\u0103\u021bi \u00een magazinul nostru online, sau c\u00e2nd coresponda\u021bi cu noi prin telefon sau e-mail, istoricul achizi\u021biilor de produse\/servicii \u0219i informa\u021bii suplimentare pe care decide\u021bi voluntar s\u0103 ni le \u00eemp\u0103rt\u0103\u0219i\u021bi.<\/p><hr data-start=\"1742\" data-end=\"1745\" \/><h3 data-start=\"1747\" data-end=\"1765\"><strong data-start=\"1751\" data-end=\"1765\">Comentarii<\/strong><\/h3><p data-start=\"1767\" data-end=\"1973\">C\u00e2nd vizitatorii las\u0103 comentarii pe site, colect\u0103m datele afi\u0219ate \u00een formularele de comentarii, precum \u0219i adresa IP a vizitatorului \u0219i \u0219irul user agent al browserului, pentru a ajuta la detectarea spamului.<\/p><p data-start=\"1975\" data-end=\"2352\">Un \u0219ir anonim (numit \u0219i hash), creat din adresa dumneavoastr\u0103 de e-mail, poate fi transmis serviciului Gravatar pentru a verifica dac\u0103 \u00eel utiliza\u021bi. Politica de confiden\u021bialitate Gravatar este disponibil\u0103 aici: <a class=\"\" href=\"https:\/\/automattic.com\/privacy\/\" target=\"_new\" rel=\"noopener\" data-start=\"2186\" data-end=\"2252\">https:\/\/automattic.com\/privacy\/<\/a>. Dup\u0103 aprobarea comentariului, poza de profil este vizibil\u0103 public l\u00e2ng\u0103 comentariul dumneavoastr\u0103.<\/p><hr data-start=\"2354\" data-end=\"2357\" \/><h3 data-start=\"2359\" data-end=\"2372\"><strong data-start=\"2363\" data-end=\"2372\">Media<\/strong><\/h3><p data-start=\"2374\" data-end=\"2601\">Dac\u0103 \u00eenc\u0103rca\u021bi imagini pe site, ar trebui s\u0103 evita\u021bi s\u0103 \u00eenc\u0103rca\u021bi imagini care con\u021bin date de localizare \u00eencorporate (EXIF GPS). Vizitatorii site-ului pot desc\u0103rca \u0219i extrage toate datele de localizare din imaginile de pe site.<\/p><hr data-start=\"2603\" data-end=\"2606\" \/><h3 data-start=\"2608\" data-end=\"2636\"><strong data-start=\"2612\" data-end=\"2636\">Formulare de contact<\/strong><\/h3><p data-start=\"2638\" data-end=\"2711\">(Necompletat \u00een original \u2013 se poate completa ulterior dac\u0103 este necesar.)<\/p><hr data-start=\"2713\" data-end=\"2716\" \/><h3 data-start=\"2718\" data-end=\"2736\"><strong data-start=\"2722\" data-end=\"2736\">Cookie-uri<\/strong><\/h3><p data-start=\"2738\" data-end=\"3039\">Dac\u0103 l\u0103sa\u021bi un comentariu pe site-ul nostru, pute\u021bi alege s\u0103 salva\u021bi numele, adresa de e-mail \u0219i site-ul web \u00een cookie-uri. Acestea sunt pentru confortul dumneavoastr\u0103, astfel \u00eenc\u00e2t s\u0103 nu fie nevoie s\u0103 le completa\u021bi din nou c\u00e2nd l\u0103sa\u021bi un alt comentariu. Aceste cookie-uri sunt valabile timp de un an.<\/p><p data-start=\"3041\" data-end=\"3268\">Dac\u0103 ave\u021bi un cont \u0219i v\u0103 autentifica\u021bi pe acest site, vom seta un cookie temporar pentru a verifica dac\u0103 browserul dumneavoastr\u0103 accept\u0103 cookie-uri. Acest cookie nu con\u021bine date personale \u0219i este \u0219ters c\u00e2nd \u00eenchide\u021bi browserul.<\/p><p data-start=\"3270\" data-end=\"3684\">C\u00e2nd v\u0103 autentifica\u021bi, vom seta \u0219i mai multe cookie-uri pentru a salva informa\u021biile de autentificare \u0219i op\u021biunile de afi\u0219are. Cookie-urile de autentificare sunt p\u0103strate timp de dou\u0103 zile, iar cele pentru op\u021biunile de afi\u0219are timp de un an. Dac\u0103 selecta\u021bi \u201e\u021aine-m\u0103 minte\u201d, cookie-urile de autentificare vor fi p\u0103strate timp de dou\u0103 s\u0103pt\u0103m\u00e2ni. Dac\u0103 v\u0103 deloga\u021bi din cont, cookie-urile de autentificare vor fi \u0219terse.<\/p><p data-start=\"3686\" data-end=\"3913\">Dac\u0103 edita\u021bi sau publica\u021bi un articol, un cookie suplimentar va fi salvat \u00een browserul dumneavoastr\u0103. Acest cookie nu include date personale \u0219i indic\u0103 doar ID-ul articolului pe care tocmai l-a\u021bi editat. Acesta expir\u0103 dup\u0103 o zi.<\/p><hr data-start=\"3915\" data-end=\"3918\" \/><h3 data-start=\"3920\" data-end=\"3967\"><strong data-start=\"3924\" data-end=\"3967\">Con\u021binut \u00eencorporat de pe alte site-uri<\/strong><\/h3><p data-start=\"3969\" data-end=\"4194\">Articolele de pe acest site pot include con\u021binut \u00eencorporat (de exemplu, videoclipuri, imagini, articole etc.). Con\u021binutul \u00eencorporat de pe alte site-uri se comport\u0103 exact la fel ca \u0219i cum vizitatorul ar fi accesat acel site.<\/p><p data-start=\"4196\" data-end=\"4477\">Aceste site-uri pot colecta date despre dumneavoastr\u0103, pot folosi cookie-uri, pot \u00eencorpora instrumente suplimentare de urm\u0103rire de la ter\u021bi \u0219i pot monitoriza interac\u021biunea dumneavoastr\u0103 cu acel con\u021binut \u00eencorporat, inclusiv dac\u0103 ave\u021bi un cont \u0219i sunte\u021bi autentificat pe acel site.<\/p><hr data-start=\"4479\" data-end=\"4482\" \/><h3 data-start=\"4484\" data-end=\"4501\"><strong data-start=\"4488\" data-end=\"4501\">Analitice<\/strong><\/h3><p data-start=\"4503\" data-end=\"4596\">(Necompletat \u00een original \u2013 se poate completa dac\u0103 se folose\u0219te Google Analytics, Matomo etc.)<\/p><hr data-start=\"4598\" data-end=\"4601\" \/><h3 data-start=\"4603\" data-end=\"4648\"><strong data-start=\"4607\" data-end=\"4648\">Cu cine partaj\u0103m datele dumneavoastr\u0103<\/strong><\/h3><p data-start=\"4650\" data-end=\"4800\">(Necompletat \u00een original \u2013 se poate men\u021biona aici dac\u0103 datele sunt transmise unor ter\u021bi: procesatori de pl\u0103\u021bi, servicii de livrare, furnizori IT etc.)<\/p><hr data-start=\"4802\" data-end=\"4805\" \/><h3 data-start=\"4807\" data-end=\"4852\"><strong data-start=\"4811\" data-end=\"4852\">C\u00e2t timp p\u0103str\u0103m datele dumneavoastr\u0103<\/strong><\/h3><p data-start=\"4854\" data-end=\"5082\">Dac\u0103 l\u0103sa\u021bi un comentariu, comentariul \u0219i metadatele acestuia sunt p\u0103strate pe termen nelimitat. Acest lucru ne permite s\u0103 recunoa\u0219tem \u0219i s\u0103 aprob\u0103m automat comentariile ulterioare, \u00een loc s\u0103 le re\u021binem \u00eentr-o coad\u0103 de moderare.<\/p><p data-start=\"5084\" data-end=\"5467\">Pentru utilizatorii care se \u00eenregistreaz\u0103 pe site-ul nostru (dac\u0103 exist\u0103), stoc\u0103m \u0219i informa\u021biile personale pe care le furnizeaz\u0103 \u00een profilul lor de utilizator. To\u021bi utilizatorii \u00ee\u0219i pot vedea, edita sau \u0219terge informa\u021biile personale \u00een orice moment (cu excep\u021bia modific\u0103rii numelui de utilizator). Administratorii site-ului pot, de asemenea, s\u0103 vad\u0103 \u0219i s\u0103 editeze aceste informa\u021bii.<\/p><p data-start=\"5469\" data-end=\"5631\"><strong data-start=\"5469\" data-end=\"5631\"><a class=\"\" href=\"http:\/\/www.digitalworkflowmasters.com\" target=\"_new\" rel=\"noopener\" data-start=\"5471\" data-end=\"5501\">www.digitalworkflowmasters.com<\/a> nu va p\u0103stra datele dumneavoastr\u0103 personale mai mult dec\u00e2t este necesar pentru \u00eendeplinirea scopului \u00een care au fost colectate.<\/strong><\/p>\t\t\t\t\t\t\t\t<\/div>\n\t\t\t\t<\/div>\n\t\t\t\t\t<\/div>\n\t\t\t\t<\/div>\n\t\t\t\t<\/div>\n\t\t","protected":false},"excerpt":{"rendered":"<p>Politica de Confiden\u021bialitate Cine suntem Adresa site-ului este: www.digitalworkflowmasters.com Ce date personale colect\u0103m \u0219i de ce le colect\u0103m Colect\u0103m informa\u021biile dumneavoastr\u0103 personale atunci c\u00e2nd sunt relevante pentru nevoile dumneavoastr\u0103 de consum (de exemplu, atunci c\u00e2nd cump\u0103ra\u021bi \u0219i\/sau comanda\u021bi produse \u0219i\/sau servicii de la noi, c\u00e2nd v\u0103 \u00eenregistra\u021bi pe site-ul nostru, c\u00e2nd ne contacta\u021bi prin formularele&#8230;<\/p>\n","protected":false},"author":1,"featured_media":0,"parent":0,"menu_order":0,"comment_status":"closed","ping_status":"closed","template":"","meta":{"_acf_changed":false,"om_disable_all_campaigns":false,"footnotes":""},"class_list":["post-34665","page","type-page","status-publish","hentry"],"acf":[],"yoast_head":"<!-- This site is optimized with the Yoast SEO plugin v25.3 - https:\/\/yoast.com\/wordpress\/plugins\/seo\/ -->\n<title>Privacy Policy - Digital Workflow Masters<\/title>\n<meta name=\"robots\" content=\"index, follow, max-snippet:-1, max-image-preview:large, max-video-preview:-1\" \/>\n<link rel=\"canonical\" href=\"https:\/\/digitalworkflowmasters.com\/romana\/privacy-policy-2\/\" \/>\n<meta property=\"og:locale\" content=\"ro_RO\" \/>\n<meta property=\"og:type\" content=\"article\" \/>\n<meta property=\"og:title\" content=\"Privacy Policy - Digital Workflow Masters\" \/>\n<meta property=\"og:description\" content=\"Politica de Confiden\u021bialitate Cine suntem Adresa site-ului este: www.digitalworkflowmasters.com Ce date personale colect\u0103m \u0219i de ce le colect\u0103m Colect\u0103m informa\u021biile dumneavoastr\u0103 personale atunci c\u00e2nd sunt relevante pentru nevoile dumneavoastr\u0103 de consum (de exemplu, atunci c\u00e2nd cump\u0103ra\u021bi \u0219i\/sau comanda\u021bi produse \u0219i\/sau servicii de la noi, c\u00e2nd v\u0103 \u00eenregistra\u021bi pe site-ul nostru, c\u00e2nd ne contacta\u021bi prin formularele...\" \/>\n<meta property=\"og:url\" content=\"https:\/\/digitalworkflowmasters.com\/romana\/privacy-policy-2\/\" \/>\n<meta property=\"og:site_name\" content=\"Digital Workflow Masters\" \/>\n<meta property=\"article:publisher\" content=\"https:\/\/www.facebook.com\/digitalworkflowmasters\/\" \/>\n<meta property=\"article:modified_time\" content=\"2025-06-24T13:11:22+00:00\" \/>\n<meta name=\"twitter:card\" content=\"summary_large_image\" \/>\n<meta name=\"twitter:label1\" content=\"Timp estimat pentru citire\" \/>\n\t<meta name=\"twitter:data1\" content=\"4 minute\" \/>\n<script type=\"application\/ld+json\" class=\"yoast-schema-graph\">{\"@context\":\"https:\/\/schema.org\",\"@graph\":[{\"@type\":\"WebPage\",\"@id\":\"https:\/\/digitalworkflowmasters.com\/romana\/privacy-policy-2\/\",\"url\":\"https:\/\/digitalworkflowmasters.com\/romana\/privacy-policy-2\/\",\"name\":\"Privacy Policy - Digital Workflow Masters\",\"isPartOf\":{\"@id\":\"https:\/\/digitalworkflowmasters.com\/romana\/#website\"},\"datePublished\":\"2025-06-06T08:47:07+00:00\",\"dateModified\":\"2025-06-24T13:11:22+00:00\",\"breadcrumb\":{\"@id\":\"https:\/\/digitalworkflowmasters.com\/romana\/privacy-policy-2\/#breadcrumb\"},\"inLanguage\":\"ro-RO\",\"potentialAction\":[{\"@type\":\"ReadAction\",\"target\":[\"https:\/\/digitalworkflowmasters.com\/romana\/privacy-policy-2\/\"]}]},{\"@type\":\"BreadcrumbList\",\"@id\":\"https:\/\/digitalworkflowmasters.com\/romana\/privacy-policy-2\/#breadcrumb\",\"itemListElement\":[{\"@type\":\"ListItem\",\"position\":1,\"name\":\"Home\",\"item\":\"https:\/\/digitalworkflowmasters.com\/romana\/\"},{\"@type\":\"ListItem\",\"position\":2,\"name\":\"Privacy Policy\"}]},{\"@type\":\"WebSite\",\"@id\":\"https:\/\/digitalworkflowmasters.com\/romana\/#website\",\"url\":\"https:\/\/digitalworkflowmasters.com\/romana\/\",\"name\":\"Digital Workflow Masters\",\"description\":\"Premium Dental Equipment\",\"publisher\":{\"@id\":\"https:\/\/digitalworkflowmasters.com\/romana\/#organization\"},\"potentialAction\":[{\"@type\":\"SearchAction\",\"target\":{\"@type\":\"EntryPoint\",\"urlTemplate\":\"https:\/\/digitalworkflowmasters.com\/romana\/?s={search_term_string}\"},\"query-input\":{\"@type\":\"PropertyValueSpecification\",\"valueRequired\":true,\"valueName\":\"search_term_string\"}}],\"inLanguage\":\"ro-RO\"},{\"@type\":\"Organization\",\"@id\":\"https:\/\/digitalworkflowmasters.com\/romana\/#organization\",\"name\":\"Digital Workflow Masters\",\"url\":\"https:\/\/digitalworkflowmasters.com\/romana\/\",\"logo\":{\"@type\":\"ImageObject\",\"inLanguage\":\"ro-RO\",\"@id\":\"https:\/\/digitalworkflowmasters.com\/romana\/#\/schema\/logo\/image\/\",\"url\":\"https:\/\/digitalworkflowmasters.com\/romana\/wp-content\/uploads\/2025\/08\/1.png\",\"contentUrl\":\"https:\/\/digitalworkflowmasters.com\/romana\/wp-content\/uploads\/2025\/08\/1.png\",\"width\":1080,\"height\":1080,\"caption\":\"Digital Workflow Masters\"},\"image\":{\"@id\":\"https:\/\/digitalworkflowmasters.com\/romana\/#\/schema\/logo\/image\/\"},\"sameAs\":[\"https:\/\/www.facebook.com\/digitalworkflowmasters\/\",\"https:\/\/www.instagram.com\/digitalworkflowmasters\/\"]}]}<\/script>\n<!-- \/ Yoast SEO plugin. -->","yoast_head_json":{"title":"Privacy Policy - Digital Workflow Masters","robots":{"index":"index","follow":"follow","max-snippet":"max-snippet:-1","max-image-preview":"max-image-preview:large","max-video-preview":"max-video-preview:-1"},"canonical":"https:\/\/digitalworkflowmasters.com\/romana\/privacy-policy-2\/","og_locale":"ro_RO","og_type":"article","og_title":"Privacy Policy - Digital Workflow Masters","og_description":"Politica de Confiden\u021bialitate Cine suntem Adresa site-ului este: www.digitalworkflowmasters.com Ce date personale colect\u0103m \u0219i de ce le colect\u0103m Colect\u0103m informa\u021biile dumneavoastr\u0103 personale atunci c\u00e2nd sunt relevante pentru nevoile dumneavoastr\u0103 de consum (de exemplu, atunci c\u00e2nd cump\u0103ra\u021bi \u0219i\/sau comanda\u021bi produse \u0219i\/sau servicii de la noi, c\u00e2nd v\u0103 \u00eenregistra\u021bi pe site-ul nostru, c\u00e2nd ne contacta\u021bi prin formularele...","og_url":"https:\/\/digitalworkflowmasters.com\/romana\/privacy-policy-2\/","og_site_name":"Digital Workflow Masters","article_publisher":"https:\/\/www.facebook.com\/digitalworkflowmasters\/","article_modified_time":"2025-06-24T13:11:22+00:00","twitter_card":"summary_large_image","twitter_misc":{"Timp estimat pentru citire":"4 minute"},"schema":{"@context":"https:\/\/schema.org","@graph":[{"@type":"WebPage","@id":"https:\/\/digitalworkflowmasters.com\/romana\/privacy-policy-2\/","url":"https:\/\/digitalworkflowmasters.com\/romana\/privacy-policy-2\/","name":"Privacy Policy - Digital Workflow Masters","isPartOf":{"@id":"https:\/\/digitalworkflowmasters.com\/romana\/#website"},"datePublished":"2025-06-06T08:47:07+00:00","dateModified":"2025-06-24T13:11:22+00:00","breadcrumb":{"@id":"https:\/\/digitalworkflowmasters.com\/romana\/privacy-policy-2\/#breadcrumb"},"inLanguage":"ro-RO","potentialAction":[{"@type":"ReadAction","target":["https:\/\/digitalworkflowmasters.com\/romana\/privacy-policy-2\/"]}]},{"@type":"BreadcrumbList","@id":"https:\/\/digitalworkflowmasters.com\/romana\/privacy-policy-2\/#breadcrumb","itemListElement":[{"@type":"ListItem","position":1,"name":"Home","item":"https:\/\/digitalworkflowmasters.com\/romana\/"},{"@type":"ListItem","position":2,"name":"Privacy Policy"}]},{"@type":"WebSite","@id":"https:\/\/digitalworkflowmasters.com\/romana\/#website","url":"https:\/\/digitalworkflowmasters.com\/romana\/","name":"Digital Workflow Masters","description":"Premium Dental Equipment","publisher":{"@id":"https:\/\/digitalworkflowmasters.com\/romana\/#organization"},"potentialAction":[{"@type":"SearchAction","target":{"@type":"EntryPoint","urlTemplate":"https:\/\/digitalworkflowmasters.com\/romana\/?s={search_term_string}"},"query-input":{"@type":"PropertyValueSpecification","valueRequired":true,"valueName":"search_term_string"}}],"inLanguage":"ro-RO"},{"@type":"Organization","@id":"https:\/\/digitalworkflowmasters.com\/romana\/#organization","name":"Digital Workflow Masters","url":"https:\/\/digitalworkflowmasters.com\/romana\/","logo":{"@type":"ImageObject","inLanguage":"ro-RO","@id":"https:\/\/digitalworkflowmasters.com\/romana\/#\/schema\/logo\/image\/","url":"https:\/\/digitalworkflowmasters.com\/romana\/wp-content\/uploads\/2025\/08\/1.png","contentUrl":"https:\/\/digitalworkflowmasters.com\/romana\/wp-content\/uploads\/2025\/08\/1.png","width":1080,"height":1080,"caption":"Digital Workflow Masters"},"image":{"@id":"https:\/\/digitalworkflowmasters.com\/romana\/#\/schema\/logo\/image\/"},"sameAs":["https:\/\/www.facebook.com\/digitalworkflowmasters\/","https:\/\/www.instagram.com\/digitalworkflowmasters\/"]}]}},"_links":{"self":[{"href":"https:\/\/digitalworkflowmasters.com\/romana\/wp-json\/wp\/v2\/pages\/34665","targetHints":{"allow":["GET"]}}],"collection":[{"href":"https:\/\/digitalworkflowmasters.com\/romana\/wp-json\/wp\/v2\/pages"}],"about":[{"href":"https:\/\/digitalworkflowmasters.com\/romana\/wp-json\/wp\/v2\/types\/page"}],"author":[{"embeddable":true,"href":"https:\/\/digitalworkflowmasters.com\/romana\/wp-json\/wp\/v2\/users\/1"}],"replies":[{"embeddable":true,"href":"https:\/\/digitalworkflowmasters.com\/romana\/wp-json\/wp\/v2\/comments?post=34665"}],"version-history":[{"count":0,"href":"https:\/\/digitalworkflowmasters.com\/romana\/wp-json\/wp\/v2\/pages\/34665\/revisions"}],"wp:attachment":[{"href":"https:\/\/digitalworkflowmasters.com\/romana\/wp-json\/wp\/v2\/media?parent=34665"}],"curies":[{"name":"wp","href":"https:\/\/api.w.org\/{rel}","templated":true}]}}