{"id":14163,"date":"2025-03-26T08:33:49","date_gmt":"2025-03-26T08:33:49","guid":{"rendered":"https:\/\/digitalworkflowmasters.com\/?post_type=product&#038;p=14163"},"modified":"2025-06-25T18:39:20","modified_gmt":"2025-06-25T18:39:20","slug":"ekom-dk50-4vr-50-air-compressor","status":"publish","type":"product","link":"https:\/\/digitalworkflowmasters.com\/romana\/shop\/ekom-dk50-4vr-50-air-compressor\/","title":{"rendered":"Compresor fara ulei EKOM DK50 4VR\/50"},"content":{"rendered":"<article class=\"text-token-text-primary w-full\" dir=\"auto\" data-testid=\"conversation-turn-2\" data-scroll-anchor=\"true\">\n<div class=\"text-base my-auto mx-auto py-5 [--thread-content-margin:--spacing(4)] @[37rem]:[--thread-content-margin:--spacing(6)] @[72rem]:[--thread-content-margin:--spacing(16)] px-(--thread-content-margin)\">\n<div class=\"[--thread-content-max-width:32rem] @[34rem]:[--thread-content-max-width:40rem] @[64rem]:[--thread-content-max-width:48rem] mx-auto flex max-w-(--thread-content-max-width) flex-1 text-base gap-4 md:gap-5 lg:gap-6 group\/turn-messages focus-visible:outline-hidden\" tabindex=\"-1\">\n<div class=\"group\/conversation-turn relative flex w-full min-w-0 flex-col agent-turn\">\n<div class=\"relative flex-col gap-1 md:gap-3\">\n<div class=\"flex max-w-full flex-col grow\">\n<div class=\"min-h-8 text-message relative flex w-full flex-col items-end gap-2 text-start break-words whitespace-normal [.text-message+&amp;]:mt-5\" dir=\"auto\" data-message-author-role=\"assistant\" data-message-id=\"39f94d4b-c4da-4aac-8dd0-01ac3222f4ac\" data-message-model-slug=\"gpt-4o\">\n<div class=\"flex w-full flex-col gap-1 empty:hidden first:pt-[3px]\">\n<div class=\"markdown prose dark:prose-invert w-full break-words light\">\n<p data-start=\"637\" data-end=\"982\"><strong data-start=\"637\" data-end=\"676\">Compresorul de aer EKOM DK50 4VR\/50<\/strong> este o solu\u021bie robust\u0103 \u0219i versatil\u0103, proiectat\u0103 special pentru mediile stomatologice care necesit\u0103 un flux constant de aer comprimat curat. Acest <strong data-start=\"823\" data-end=\"853\">compresor dentar f\u0103r\u0103 ulei<\/strong> este ideal pentru alimentarea simultan\u0103 a p\u00e2n\u0103 la patru unituri stomatologice, oferind un aer pur, esen\u021bial \u00een domeniul medical.<\/p>\n<p data-start=\"984\" data-end=\"1414\">Modelul este disponibil at\u00e2t \u00een variant\u0103 deschis\u0103, c\u00e2t \u0219i cu <strong data-start=\"1045\" data-end=\"1068\">cabinet fonoizolant<\/strong>, ceea ce permite amplasarea direct\u0103 \u00een sala de tratament, f\u0103r\u0103 a perturba confortul sonor al personalului sau al pacien\u021bilor. Seria DK50 4VR\/50 ofer\u0103 op\u021biuni de echipare cu usc\u0103tor cu membran\u0103 sau cu adsorb\u021bie, asigur\u00e2nd un nivel redus de umiditate \u00een aerul livrat, protej\u00e2nd astfel echipamentele stomatologice \u0219i prelungindu-le durata de via\u021b\u0103.<\/p>\n<hr data-start=\"1416\" data-end=\"1419\" \/>\n<h3 data-start=\"1421\" data-end=\"1450\"><strong data-start=\"1425\" data-end=\"1450\">Specifica\u021bii tehnice:<\/strong><\/h3>\n<ul data-start=\"1452\" data-end=\"1683\">\n<li data-start=\"1452\" data-end=\"1508\">\n<p data-start=\"1454\" data-end=\"1508\"><strong data-start=\"1454\" data-end=\"1496\">Num\u0103r unituri stomatologice deservite:<\/strong> p\u00e2n\u0103 la 4<\/p>\n<\/li>\n<li data-start=\"1509\" data-end=\"1554\">\n<p data-start=\"1511\" data-end=\"1554\"><strong data-start=\"1511\" data-end=\"1536\">Alimentare electric\u0103:<\/strong> 3&#215;400 V \/ 50 Hz<\/p>\n<\/li>\n<li data-start=\"1555\" data-end=\"1583\">\n<p data-start=\"1557\" data-end=\"1583\"><strong data-start=\"1557\" data-end=\"1574\">Putere motor:<\/strong> 2,2 kW<\/p>\n<\/li>\n<li data-start=\"1584\" data-end=\"1621\">\n<p data-start=\"1586\" data-end=\"1621\"><strong data-start=\"1586\" data-end=\"1610\">Capacitate rezervor:<\/strong> 50 litri<\/p>\n<\/li>\n<li data-start=\"1622\" data-end=\"1683\">\n<p data-start=\"1624\" data-end=\"1683\"><strong data-start=\"1624\" data-end=\"1642\">Eficien\u021b\u0103 aer:<\/strong> 270 l\/min la 6 bar; 220 l\/min la 8 bar<\/p>\n<\/li>\n<\/ul>\n<h4 data-start=\"1685\" data-end=\"1710\"><strong data-start=\"1690\" data-end=\"1710\">Nivel de zgomot:<\/strong><\/h4>\n<ul data-start=\"1711\" data-end=\"1766\">\n<li data-start=\"1711\" data-end=\"1739\">\n<p data-start=\"1713\" data-end=\"1739\">F\u0103r\u0103 carcasa insonorizare: \u2264 77 dB(A)<\/p>\n<\/li>\n<li data-start=\"1740\" data-end=\"1766\">\n<p data-start=\"1742\" data-end=\"1766\">Cu carcasa insonorizare: \u2264 58 dB(A)<\/p>\n<\/li>\n<\/ul>\n<h4 data-start=\"1768\" data-end=\"1795\"><strong data-start=\"1773\" data-end=\"1795\">Op\u021biuni de uscare:<\/strong><\/h4>\n<ul data-start=\"1796\" data-end=\"1885\">\n<li data-start=\"1796\" data-end=\"1839\">\n<p data-start=\"1798\" data-end=\"1839\">Usc\u0103tor cu membran\u0103: PDP +3 \u00b0C la 7 bar<\/p>\n<\/li>\n<li data-start=\"1840\" data-end=\"1885\">\n<p data-start=\"1842\" data-end=\"1885\">Usc\u0103tor cu adsorb\u021bie: PDP -20 \u00b0C la 7 bar<\/p>\n<\/li>\n<\/ul>\n<h4 data-start=\"1887\" data-end=\"1907\"><strong data-start=\"1892\" data-end=\"1907\">Dimensiuni:<\/strong><\/h4>\n<ul data-start=\"1908\" data-end=\"1980\">\n<li data-start=\"1908\" data-end=\"1944\">\n<p data-start=\"1910\" data-end=\"1944\">F\u0103r\u0103 cabinet: 580 x 580 x 790 mm<\/p>\n<\/li>\n<li data-start=\"1945\" data-end=\"1980\">\n<p data-start=\"1947\" data-end=\"1980\">Cu cabinet: 750 x 770 x 1015 mm<\/p>\n<\/li>\n<\/ul>\n<h4 data-start=\"1982\" data-end=\"2000\"><strong data-start=\"1987\" data-end=\"2000\">Greutate:<\/strong><\/h4>\n<ul data-start=\"2001\" data-end=\"2047\">\n<li data-start=\"2001\" data-end=\"2024\">\n<p data-start=\"2003\" data-end=\"2024\">F\u0103r\u0103 cabinet: 70 kg<\/p>\n<\/li>\n<li data-start=\"2025\" data-end=\"2047\">\n<p data-start=\"2027\" data-end=\"2047\">Cu cabinet: 128 kg<\/p>\n<\/li>\n<\/ul>\n<hr data-start=\"2049\" data-end=\"2052\" \/>\n<p data-start=\"2054\" data-end=\"2300\" data-is-last-node=\"\" data-is-only-node=\"\">Designul acestui <strong data-start=\"2071\" data-end=\"2091\">compresor dentar<\/strong> respect\u0103 cele mai \u00eenalte standarde clinice, oferind un flux constant de aer, un nivel de zgomot redus \u0219i posibilit\u0103\u021bi flexibile de instalare \u2013 o alegere excelent\u0103 pentru orice <strong data-start=\"2268\" data-end=\"2292\">cabinet stomatologic<\/strong> modern.<\/p>\n<\/div>\n<\/div>\n<\/div>\n<\/div>\n<\/div>\n<\/div>\n<\/div>\n<\/div>\n<\/article>\n<div class=\"pointer-events-none h-px w-px\" aria-hidden=\"true\" data-edge=\"true\"><\/div>\n","protected":false},"excerpt":{"rendered":"<p>Compresor dentar performant, f\u0103r\u0103 ulei, ideal pentru p\u00e2n\u0103 la 4 unituri stomatologice, disponibil cu sau f\u0103r\u0103 cabinet fonoizolant.<\/p>\n","protected":false},"featured_media":33495,"template":"","meta":{"_acf_changed":false,"om_disable_all_campaigns":false},"product_brand":[],"product_cat":[142],"product_tag":[489],"class_list":{"0":"post-14163","1":"product","2":"type-product","3":"status-publish","4":"has-post-thumbnail","6":"product_cat-compresoare","7":"product_tag-ekom-air-compressors","9":"first","10":"instock","11":"shipping-taxable","12":"product-type-simple"},"acf":[],"yoast_head":"<!-- This site is optimized with the Yoast SEO plugin v25.3 - https:\/\/yoast.com\/wordpress\/plugins\/seo\/ -->\n<title>Compresor fara ulei EKOM DK50 4VR\/50 - Digital Workflow Masters<\/title>\n<meta name=\"description\" content=\"Compresor cabinet stomatologic f\u0103r\u0103 ulei, silen\u021bios, pentru p\u00e2n\u0103 la 4 unituri dentare. Disponibil cu usc\u0103tor cu membran\u0103 sau adsorb\u021bie.\" \/>\n<meta name=\"robots\" content=\"index, follow, max-snippet:-1, max-image-preview:large, max-video-preview:-1\" \/>\n<link rel=\"canonical\" href=\"https:\/\/digitalworkflowmasters.com\/romana\/shop\/ekom-dk50-4vr-50-air-compressor\/\" \/>\n<meta property=\"og:locale\" content=\"ro_RO\" \/>\n<meta property=\"og:type\" content=\"article\" \/>\n<meta property=\"og:title\" content=\"Compresor fara ulei EKOM DK50 4VR\/50 - Digital Workflow Masters\" \/>\n<meta property=\"og:description\" content=\"Compresor cabinet stomatologic f\u0103r\u0103 ulei, silen\u021bios, pentru p\u00e2n\u0103 la 4 unituri dentare. Disponibil cu usc\u0103tor cu membran\u0103 sau adsorb\u021bie.\" \/>\n<meta property=\"og:url\" content=\"https:\/\/digitalworkflowmasters.com\/romana\/shop\/ekom-dk50-4vr-50-air-compressor\/\" \/>\n<meta property=\"og:site_name\" content=\"Digital Workflow Masters\" \/>\n<meta property=\"article:publisher\" content=\"https:\/\/www.facebook.com\/digitalworkflowmasters\/\" \/>\n<meta property=\"article:modified_time\" content=\"2025-06-25T18:39:20+00:00\" \/>\n<meta property=\"og:image\" content=\"https:\/\/digitalworkflowmasters.com\/romana\/wp-content\/uploads\/2025\/03\/EKOM-4-comrepss-min.jpg\" \/>\n\t<meta property=\"og:image:width\" content=\"1000\" \/>\n\t<meta property=\"og:image:height\" content=\"1000\" \/>\n\t<meta property=\"og:image:type\" content=\"image\/jpeg\" \/>\n<meta name=\"twitter:card\" content=\"summary_large_image\" \/>\n<meta name=\"twitter:label1\" content=\"Timp estimat pentru citire\" \/>\n\t<meta name=\"twitter:data1\" content=\"2 minute\" \/>\n<script type=\"application\/ld+json\" class=\"yoast-schema-graph\">{\"@context\":\"https:\/\/schema.org\",\"@graph\":[{\"@type\":\"WebPage\",\"@id\":\"https:\/\/digitalworkflowmasters.com\/romana\/shop\/ekom-dk50-4vr-50-air-compressor\/\",\"url\":\"https:\/\/digitalworkflowmasters.com\/romana\/shop\/ekom-dk50-4vr-50-air-compressor\/\",\"name\":\"Compresor fara ulei EKOM DK50 4VR\/50 - Digital Workflow Masters\",\"isPartOf\":{\"@id\":\"https:\/\/digitalworkflowmasters.com\/romana\/#website\"},\"primaryImageOfPage\":{\"@id\":\"https:\/\/digitalworkflowmasters.com\/romana\/shop\/ekom-dk50-4vr-50-air-compressor\/#primaryimage\"},\"image\":{\"@id\":\"https:\/\/digitalworkflowmasters.com\/romana\/shop\/ekom-dk50-4vr-50-air-compressor\/#primaryimage\"},\"thumbnailUrl\":\"https:\/\/digitalworkflowmasters.com\/romana\/wp-content\/uploads\/2025\/03\/EKOM-4-comrepss-min.jpg\",\"datePublished\":\"2025-03-26T08:33:49+00:00\",\"dateModified\":\"2025-06-25T18:39:20+00:00\",\"description\":\"Compresor cabinet stomatologic f\u0103r\u0103 ulei, silen\u021bios, pentru p\u00e2n\u0103 la 4 unituri dentare. Disponibil cu usc\u0103tor cu membran\u0103 sau adsorb\u021bie.\",\"breadcrumb\":{\"@id\":\"https:\/\/digitalworkflowmasters.com\/romana\/shop\/ekom-dk50-4vr-50-air-compressor\/#breadcrumb\"},\"inLanguage\":\"ro-RO\",\"potentialAction\":[{\"@type\":\"ReadAction\",\"target\":[\"https:\/\/digitalworkflowmasters.com\/romana\/shop\/ekom-dk50-4vr-50-air-compressor\/\"]}]},{\"@type\":\"ImageObject\",\"inLanguage\":\"ro-RO\",\"@id\":\"https:\/\/digitalworkflowmasters.com\/romana\/shop\/ekom-dk50-4vr-50-air-compressor\/#primaryimage\",\"url\":\"https:\/\/digitalworkflowmasters.com\/romana\/wp-content\/uploads\/2025\/03\/EKOM-4-comrepss-min.jpg\",\"contentUrl\":\"https:\/\/digitalworkflowmasters.com\/romana\/wp-content\/uploads\/2025\/03\/EKOM-4-comrepss-min.jpg\",\"width\":1000,\"height\":1000},{\"@type\":\"BreadcrumbList\",\"@id\":\"https:\/\/digitalworkflowmasters.com\/romana\/shop\/ekom-dk50-4vr-50-air-compressor\/#breadcrumb\",\"itemListElement\":[{\"@type\":\"ListItem\",\"position\":1,\"name\":\"Home\",\"item\":\"https:\/\/digitalworkflowmasters.com\/romana\/\"},{\"@type\":\"ListItem\",\"position\":2,\"name\":\"Products\",\"item\":\"https:\/\/digitalworkflowmasters.com\/romana\/shop\/\"},{\"@type\":\"ListItem\",\"position\":3,\"name\":\"Camera Tehnica\",\"item\":\"https:\/\/digitalworkflowmasters.com\/romana\/product-category\/camera-tehnica\/\"},{\"@type\":\"ListItem\",\"position\":4,\"name\":\"Compresoare\",\"item\":\"https:\/\/digitalworkflowmasters.com\/romana\/product-category\/camera-tehnica\/compresoare\/\"},{\"@type\":\"ListItem\",\"position\":5,\"name\":\"Compresor fara ulei EKOM DK50 4VR\/50\"}]},{\"@type\":\"WebSite\",\"@id\":\"https:\/\/digitalworkflowmasters.com\/romana\/#website\",\"url\":\"https:\/\/digitalworkflowmasters.com\/romana\/\",\"name\":\"Digital Workflow Masters\",\"description\":\"Premium Dental Equipment\",\"publisher\":{\"@id\":\"https:\/\/digitalworkflowmasters.com\/romana\/#organization\"},\"potentialAction\":[{\"@type\":\"SearchAction\",\"target\":{\"@type\":\"EntryPoint\",\"urlTemplate\":\"https:\/\/digitalworkflowmasters.com\/romana\/?s={search_term_string}\"},\"query-input\":{\"@type\":\"PropertyValueSpecification\",\"valueRequired\":true,\"valueName\":\"search_term_string\"}}],\"inLanguage\":\"ro-RO\"},{\"@type\":\"Organization\",\"@id\":\"https:\/\/digitalworkflowmasters.com\/romana\/#organization\",\"name\":\"Digital Workflow Masters\",\"url\":\"https:\/\/digitalworkflowmasters.com\/romana\/\",\"logo\":{\"@type\":\"ImageObject\",\"inLanguage\":\"ro-RO\",\"@id\":\"https:\/\/digitalworkflowmasters.com\/romana\/#\/schema\/logo\/image\/\",\"url\":\"https:\/\/digitalworkflowmasters.com\/romana\/wp-content\/uploads\/2025\/08\/1.png\",\"contentUrl\":\"https:\/\/digitalworkflowmasters.com\/romana\/wp-content\/uploads\/2025\/08\/1.png\",\"width\":1080,\"height\":1080,\"caption\":\"Digital Workflow Masters\"},\"image\":{\"@id\":\"https:\/\/digitalworkflowmasters.com\/romana\/#\/schema\/logo\/image\/\"},\"sameAs\":[\"https:\/\/www.facebook.com\/digitalworkflowmasters\/\",\"https:\/\/www.instagram.com\/digitalworkflowmasters\/\"]}]}<\/script>\n<!-- \/ Yoast SEO plugin. -->","yoast_head_json":{"title":"Compresor fara ulei EKOM DK50 4VR\/50 - Digital Workflow Masters","description":"Compresor cabinet stomatologic f\u0103r\u0103 ulei, silen\u021bios, pentru p\u00e2n\u0103 la 4 unituri dentare. Disponibil cu usc\u0103tor cu membran\u0103 sau adsorb\u021bie.","robots":{"index":"index","follow":"follow","max-snippet":"max-snippet:-1","max-image-preview":"max-image-preview:large","max-video-preview":"max-video-preview:-1"},"canonical":"https:\/\/digitalworkflowmasters.com\/romana\/shop\/ekom-dk50-4vr-50-air-compressor\/","og_locale":"ro_RO","og_type":"article","og_title":"Compresor fara ulei EKOM DK50 4VR\/50 - Digital Workflow Masters","og_description":"Compresor cabinet stomatologic f\u0103r\u0103 ulei, silen\u021bios, pentru p\u00e2n\u0103 la 4 unituri dentare. Disponibil cu usc\u0103tor cu membran\u0103 sau adsorb\u021bie.","og_url":"https:\/\/digitalworkflowmasters.com\/romana\/shop\/ekom-dk50-4vr-50-air-compressor\/","og_site_name":"Digital Workflow Masters","article_publisher":"https:\/\/www.facebook.com\/digitalworkflowmasters\/","article_modified_time":"2025-06-25T18:39:20+00:00","og_image":[{"width":1000,"height":1000,"url":"https:\/\/digitalworkflowmasters.com\/romana\/wp-content\/uploads\/2025\/03\/EKOM-4-comrepss-min.jpg","type":"image\/jpeg"}],"twitter_card":"summary_large_image","twitter_misc":{"Timp estimat pentru citire":"2 minute"},"schema":{"@context":"https:\/\/schema.org","@graph":[{"@type":"WebPage","@id":"https:\/\/digitalworkflowmasters.com\/romana\/shop\/ekom-dk50-4vr-50-air-compressor\/","url":"https:\/\/digitalworkflowmasters.com\/romana\/shop\/ekom-dk50-4vr-50-air-compressor\/","name":"Compresor fara ulei EKOM DK50 4VR\/50 - Digital Workflow Masters","isPartOf":{"@id":"https:\/\/digitalworkflowmasters.com\/romana\/#website"},"primaryImageOfPage":{"@id":"https:\/\/digitalworkflowmasters.com\/romana\/shop\/ekom-dk50-4vr-50-air-compressor\/#primaryimage"},"image":{"@id":"https:\/\/digitalworkflowmasters.com\/romana\/shop\/ekom-dk50-4vr-50-air-compressor\/#primaryimage"},"thumbnailUrl":"https:\/\/digitalworkflowmasters.com\/romana\/wp-content\/uploads\/2025\/03\/EKOM-4-comrepss-min.jpg","datePublished":"2025-03-26T08:33:49+00:00","dateModified":"2025-06-25T18:39:20+00:00","description":"Compresor cabinet stomatologic f\u0103r\u0103 ulei, silen\u021bios, pentru p\u00e2n\u0103 la 4 unituri dentare. Disponibil cu usc\u0103tor cu membran\u0103 sau adsorb\u021bie.","breadcrumb":{"@id":"https:\/\/digitalworkflowmasters.com\/romana\/shop\/ekom-dk50-4vr-50-air-compressor\/#breadcrumb"},"inLanguage":"ro-RO","potentialAction":[{"@type":"ReadAction","target":["https:\/\/digitalworkflowmasters.com\/romana\/shop\/ekom-dk50-4vr-50-air-compressor\/"]}]},{"@type":"ImageObject","inLanguage":"ro-RO","@id":"https:\/\/digitalworkflowmasters.com\/romana\/shop\/ekom-dk50-4vr-50-air-compressor\/#primaryimage","url":"https:\/\/digitalworkflowmasters.com\/romana\/wp-content\/uploads\/2025\/03\/EKOM-4-comrepss-min.jpg","contentUrl":"https:\/\/digitalworkflowmasters.com\/romana\/wp-content\/uploads\/2025\/03\/EKOM-4-comrepss-min.jpg","width":1000,"height":1000},{"@type":"BreadcrumbList","@id":"https:\/\/digitalworkflowmasters.com\/romana\/shop\/ekom-dk50-4vr-50-air-compressor\/#breadcrumb","itemListElement":[{"@type":"ListItem","position":1,"name":"Home","item":"https:\/\/digitalworkflowmasters.com\/romana\/"},{"@type":"ListItem","position":2,"name":"Products","item":"https:\/\/digitalworkflowmasters.com\/romana\/shop\/"},{"@type":"ListItem","position":3,"name":"Camera Tehnica","item":"https:\/\/digitalworkflowmasters.com\/romana\/product-category\/camera-tehnica\/"},{"@type":"ListItem","position":4,"name":"Compresoare","item":"https:\/\/digitalworkflowmasters.com\/romana\/product-category\/camera-tehnica\/compresoare\/"},{"@type":"ListItem","position":5,"name":"Compresor fara ulei EKOM DK50 4VR\/50"}]},{"@type":"WebSite","@id":"https:\/\/digitalworkflowmasters.com\/romana\/#website","url":"https:\/\/digitalworkflowmasters.com\/romana\/","name":"Digital Workflow Masters","description":"Premium Dental Equipment","publisher":{"@id":"https:\/\/digitalworkflowmasters.com\/romana\/#organization"},"potentialAction":[{"@type":"SearchAction","target":{"@type":"EntryPoint","urlTemplate":"https:\/\/digitalworkflowmasters.com\/romana\/?s={search_term_string}"},"query-input":{"@type":"PropertyValueSpecification","valueRequired":true,"valueName":"search_term_string"}}],"inLanguage":"ro-RO"},{"@type":"Organization","@id":"https:\/\/digitalworkflowmasters.com\/romana\/#organization","name":"Digital Workflow Masters","url":"https:\/\/digitalworkflowmasters.com\/romana\/","logo":{"@type":"ImageObject","inLanguage":"ro-RO","@id":"https:\/\/digitalworkflowmasters.com\/romana\/#\/schema\/logo\/image\/","url":"https:\/\/digitalworkflowmasters.com\/romana\/wp-content\/uploads\/2025\/08\/1.png","contentUrl":"https:\/\/digitalworkflowmasters.com\/romana\/wp-content\/uploads\/2025\/08\/1.png","width":1080,"height":1080,"caption":"Digital Workflow Masters"},"image":{"@id":"https:\/\/digitalworkflowmasters.com\/romana\/#\/schema\/logo\/image\/"},"sameAs":["https:\/\/www.facebook.com\/digitalworkflowmasters\/","https:\/\/www.instagram.com\/digitalworkflowmasters\/"]}]}},"_links":{"self":[{"href":"https:\/\/digitalworkflowmasters.com\/romana\/wp-json\/wp\/v2\/product\/14163","targetHints":{"allow":["GET"]}}],"collection":[{"href":"https:\/\/digitalworkflowmasters.com\/romana\/wp-json\/wp\/v2\/product"}],"about":[{"href":"https:\/\/digitalworkflowmasters.com\/romana\/wp-json\/wp\/v2\/types\/product"}],"version-history":[{"count":0,"href":"https:\/\/digitalworkflowmasters.com\/romana\/wp-json\/wp\/v2\/product\/14163\/revisions"}],"wp:featuredmedia":[{"embeddable":true,"href":"https:\/\/digitalworkflowmasters.com\/romana\/wp-json\/wp\/v2\/media\/33495"}],"wp:attachment":[{"href":"https:\/\/digitalworkflowmasters.com\/romana\/wp-json\/wp\/v2\/media?parent=14163"}],"wp:term":[{"taxonomy":"product_brand","embeddable":true,"href":"https:\/\/digitalworkflowmasters.com\/romana\/wp-json\/wp\/v2\/product_brand?post=14163"},{"taxonomy":"product_cat","embeddable":true,"href":"https:\/\/digitalworkflowmasters.com\/romana\/wp-json\/wp\/v2\/product_cat?post=14163"},{"taxonomy":"product_tag","embeddable":true,"href":"https:\/\/digitalworkflowmasters.com\/romana\/wp-json\/wp\/v2\/product_tag?post=14163"}],"curies":[{"name":"wp","href":"https:\/\/api.w.org\/{rel}","templated":true}]}}