{"id":6131,"date":"2025-03-26T08:33:21","date_gmt":"2025-03-26T08:33:21","guid":{"rendered":"https:\/\/digitalworkflowmasters.com\/?post_type=product&#038;p=6131"},"modified":"2025-06-26T10:57:28","modified_gmt":"2025-06-26T10:57:28","slug":"gmm-p7led-ultrasonic-scaler","status":"publish","type":"product","link":"https:\/\/digitalworkflowmasters.com\/romana\/shop\/gmm-p7led-ultrasonic-scaler\/","title":{"rendered":"Detartraj extern GMM-P7LED"},"content":{"rendered":"<h3 data-start=\"140\" data-end=\"240\"><strong data-start=\"144\" data-end=\"240\">GMM-P7LED \u2013 Scaler ultrasonic cu lumina LED pentru detartraj extern \u0219i tratamente avansate<\/strong><\/h3>\n<p data-start=\"242\" data-end=\"560\"><strong data-start=\"242\" data-end=\"255\">GMM-P7LED<\/strong> este un scaler ultrasonic profesional, ideal pentru <strong data-start=\"308\" data-end=\"339\">detartraj ultrasonic extern<\/strong>, tratamente parodontale (Paro) \u0219i endodontice (Endo). Echipat cu <strong data-start=\"405\" data-end=\"424\">maner cu LED<\/strong> \u0219i carcas\u0103 din aliaj de aluminiu, acest dispozitiv ofer\u0103 performan\u021b\u0103 ridicat\u0103 \u0219i durabilitate superioar\u0103 \u00een orice cabinet stomatologic.<\/p>\n<p data-start=\"562\" data-end=\"852\">Manopera este deta\u0219abil\u0103 \u0219i poate fi sterilizat\u0103 la temperaturi ridicate (p\u00e2n\u0103 la 135\u00b0C), fiind rezistent\u0103 la presiune (0,22 MPa), ceea ce asigur\u0103 un nivel optim de igien\u0103. Aluminiul u\u0219or \u0219i rezistent din care este fabricat\u0103 previne ruperea \u0219i ofer\u0103 un plus de confort \u00een utilizare zilnic\u0103.<\/p>\n<hr data-start=\"854\" data-end=\"857\" \/>\n<h3 data-start=\"859\" data-end=\"890\"><strong data-start=\"863\" data-end=\"890\">Caracteristici tehnice:<\/strong><\/h3>\n<ul data-start=\"892\" data-end=\"1168\">\n<li data-start=\"892\" data-end=\"940\">\n<p data-start=\"894\" data-end=\"940\">Moduri multiple: <strong data-start=\"911\" data-end=\"938\">Detartraj \/ Paro \/ Endo<\/strong><\/p>\n<\/li>\n<li data-start=\"941\" data-end=\"992\">\n<p data-start=\"943\" data-end=\"992\"><strong data-start=\"943\" data-end=\"962\">Manoper\u0103 cu LED<\/strong> pentru vizibilitate sporit\u0103<\/p>\n<\/li>\n<li data-start=\"993\" data-end=\"1060\">\n<p data-start=\"995\" data-end=\"1060\">Construc\u021bie din <strong data-start=\"1011\" data-end=\"1032\">aliaj de aluminiu<\/strong> \u2013 mai u\u0219or, mai rezistent<\/p>\n<\/li>\n<li data-start=\"1061\" data-end=\"1121\">\n<p data-start=\"1063\" data-end=\"1121\"><strong data-start=\"1063\" data-end=\"1086\">Maner deta\u0219abil<\/strong>, autoclavabil\u0103 (135\u00b0C, 0,22 MPa)<\/p>\n<\/li>\n<li data-start=\"1122\" data-end=\"1140\">\n<p data-start=\"1124\" data-end=\"1140\">Putere: 30 VDC<\/p>\n<\/li>\n<li data-start=\"1141\" data-end=\"1168\">\n<p data-start=\"1143\" data-end=\"1168\">Frecven\u021b\u0103: 28kHz \u00b1 3kHz<\/p>\n<\/li>\n<\/ul>\n","protected":false},"excerpt":{"rendered":"<p>Scaler ultrasonic cu LED GMM-P7LED pentru detartraj extern, tratamente parodontale \u0219i endodontice. Design durabil, sterilizabil, cu manoper\u0103 din aluminiu.<\/p>\n","protected":false},"featured_media":32788,"template":"","meta":{"_acf_changed":false,"om_disable_all_campaigns":false},"product_brand":[],"product_cat":[70],"product_tag":[71,72,73,74,152,153,77,78],"class_list":{"0":"post-6131","1":"product","2":"type-product","3":"status-publish","4":"has-post-thumbnail","6":"product_cat-echipament-de-detartraj-dentar-flux-de-aer","7":"product_tag-automatic-water-powered-scaler","8":"product_tag-dental-center-scaler","9":"product_tag-dental-center-scalers","10":"product_tag-dental-unit-scalers","11":"product_tag-gmm-p7-led","12":"product_tag-gmm-p7led","13":"product_tag-gramm-scaler","14":"product_tag-gramm-scalers","16":"first","17":"instock","18":"shipping-taxable","19":"purchasable","20":"product-type-simple"},"acf":[],"yoast_head":"<!-- This site is optimized with the Yoast SEO plugin v25.3 - https:\/\/yoast.com\/wordpress\/plugins\/seo\/ -->\n<title>Detartraj extern GMM-P7LED - Digital Workflow Masters<\/title>\n<meta name=\"description\" content=\"GMM-P7LED \u2013 scaler ultrasonic profesional pentru detartraj extern, detartraj ultrasonic, Paro \u0219i Endo. Cu manoper\u0103 LED, sterilizabil\u0103 \u0219i rezistent\u0103 la temperaturi \u00eenalte.\" \/>\n<meta name=\"robots\" content=\"index, follow, max-snippet:-1, max-image-preview:large, max-video-preview:-1\" \/>\n<link rel=\"canonical\" href=\"https:\/\/digitalworkflowmasters.com\/romana\/shop\/gmm-p7led-ultrasonic-scaler\/\" \/>\n<meta property=\"og:locale\" content=\"ro_RO\" \/>\n<meta property=\"og:type\" content=\"article\" \/>\n<meta property=\"og:title\" content=\"Detartraj extern GMM-P7LED - Digital Workflow Masters\" \/>\n<meta property=\"og:description\" content=\"GMM-P7LED \u2013 scaler ultrasonic profesional pentru detartraj extern, detartraj ultrasonic, Paro \u0219i Endo. Cu manoper\u0103 LED, sterilizabil\u0103 \u0219i rezistent\u0103 la temperaturi \u00eenalte.\" \/>\n<meta property=\"og:url\" content=\"https:\/\/digitalworkflowmasters.com\/romana\/shop\/gmm-p7led-ultrasonic-scaler\/\" \/>\n<meta property=\"og:site_name\" content=\"Digital Workflow Masters\" \/>\n<meta property=\"article:publisher\" content=\"https:\/\/www.facebook.com\/digitalworkflowmasters\/\" \/>\n<meta property=\"article:modified_time\" content=\"2025-06-26T10:57:28+00:00\" \/>\n<meta property=\"og:image\" content=\"https:\/\/digitalworkflowmasters.com\/romana\/wp-content\/uploads\/2025\/03\/white-P7L-2-scaled-1-1.jpg\" \/>\n\t<meta property=\"og:image:width\" content=\"2560\" \/>\n\t<meta property=\"og:image:height\" content=\"2560\" \/>\n\t<meta property=\"og:image:type\" content=\"image\/jpeg\" \/>\n<meta name=\"twitter:card\" content=\"summary_large_image\" \/>\n<meta name=\"twitter:label1\" content=\"Timp estimat pentru citire\" \/>\n\t<meta name=\"twitter:data1\" content=\"1 minut\" \/>\n<script type=\"application\/ld+json\" class=\"yoast-schema-graph\">{\"@context\":\"https:\/\/schema.org\",\"@graph\":[{\"@type\":\"WebPage\",\"@id\":\"https:\/\/digitalworkflowmasters.com\/romana\/shop\/gmm-p7led-ultrasonic-scaler\/\",\"url\":\"https:\/\/digitalworkflowmasters.com\/romana\/shop\/gmm-p7led-ultrasonic-scaler\/\",\"name\":\"Detartraj extern GMM-P7LED - Digital Workflow Masters\",\"isPartOf\":{\"@id\":\"https:\/\/digitalworkflowmasters.com\/romana\/#website\"},\"primaryImageOfPage\":{\"@id\":\"https:\/\/digitalworkflowmasters.com\/romana\/shop\/gmm-p7led-ultrasonic-scaler\/#primaryimage\"},\"image\":{\"@id\":\"https:\/\/digitalworkflowmasters.com\/romana\/shop\/gmm-p7led-ultrasonic-scaler\/#primaryimage\"},\"thumbnailUrl\":\"https:\/\/digitalworkflowmasters.com\/romana\/wp-content\/uploads\/2025\/03\/white-P7L-2-scaled-1-1.jpg\",\"datePublished\":\"2025-03-26T08:33:21+00:00\",\"dateModified\":\"2025-06-26T10:57:28+00:00\",\"description\":\"GMM-P7LED \u2013 scaler ultrasonic profesional pentru detartraj extern, detartraj ultrasonic, Paro \u0219i Endo. Cu manoper\u0103 LED, sterilizabil\u0103 \u0219i rezistent\u0103 la temperaturi \u00eenalte.\",\"breadcrumb\":{\"@id\":\"https:\/\/digitalworkflowmasters.com\/romana\/shop\/gmm-p7led-ultrasonic-scaler\/#breadcrumb\"},\"inLanguage\":\"ro-RO\",\"potentialAction\":[{\"@type\":\"ReadAction\",\"target\":[\"https:\/\/digitalworkflowmasters.com\/romana\/shop\/gmm-p7led-ultrasonic-scaler\/\"]}]},{\"@type\":\"ImageObject\",\"inLanguage\":\"ro-RO\",\"@id\":\"https:\/\/digitalworkflowmasters.com\/romana\/shop\/gmm-p7led-ultrasonic-scaler\/#primaryimage\",\"url\":\"https:\/\/digitalworkflowmasters.com\/romana\/wp-content\/uploads\/2025\/03\/white-P7L-2-scaled-1-1.jpg\",\"contentUrl\":\"https:\/\/digitalworkflowmasters.com\/romana\/wp-content\/uploads\/2025\/03\/white-P7L-2-scaled-1-1.jpg\",\"width\":2560,\"height\":2560},{\"@type\":\"BreadcrumbList\",\"@id\":\"https:\/\/digitalworkflowmasters.com\/romana\/shop\/gmm-p7led-ultrasonic-scaler\/#breadcrumb\",\"itemListElement\":[{\"@type\":\"ListItem\",\"position\":1,\"name\":\"Home\",\"item\":\"https:\/\/digitalworkflowmasters.com\/romana\/\"},{\"@type\":\"ListItem\",\"position\":2,\"name\":\"Products\",\"item\":\"https:\/\/digitalworkflowmasters.com\/romana\/shop\/\"},{\"@type\":\"ListItem\",\"position\":3,\"name\":\"Profilaxie\",\"item\":\"https:\/\/digitalworkflowmasters.com\/romana\/product-category\/profilaxie\/\"},{\"@type\":\"ListItem\",\"position\":4,\"name\":\"Echipament de detartraj dentar, flux de aer\",\"item\":\"https:\/\/digitalworkflowmasters.com\/romana\/product-category\/profilaxie\/echipament-de-detartraj-dentar-flux-de-aer\/\"},{\"@type\":\"ListItem\",\"position\":5,\"name\":\"Detartraj extern GMM-P7LED\"}]},{\"@type\":\"WebSite\",\"@id\":\"https:\/\/digitalworkflowmasters.com\/romana\/#website\",\"url\":\"https:\/\/digitalworkflowmasters.com\/romana\/\",\"name\":\"Digital Workflow Masters\",\"description\":\"Premium Dental Equipment\",\"publisher\":{\"@id\":\"https:\/\/digitalworkflowmasters.com\/romana\/#organization\"},\"potentialAction\":[{\"@type\":\"SearchAction\",\"target\":{\"@type\":\"EntryPoint\",\"urlTemplate\":\"https:\/\/digitalworkflowmasters.com\/romana\/?s={search_term_string}\"},\"query-input\":{\"@type\":\"PropertyValueSpecification\",\"valueRequired\":true,\"valueName\":\"search_term_string\"}}],\"inLanguage\":\"ro-RO\"},{\"@type\":\"Organization\",\"@id\":\"https:\/\/digitalworkflowmasters.com\/romana\/#organization\",\"name\":\"Digital Workflow Masters\",\"url\":\"https:\/\/digitalworkflowmasters.com\/romana\/\",\"logo\":{\"@type\":\"ImageObject\",\"inLanguage\":\"ro-RO\",\"@id\":\"https:\/\/digitalworkflowmasters.com\/romana\/#\/schema\/logo\/image\/\",\"url\":\"https:\/\/digitalworkflowmasters.com\/romana\/wp-content\/uploads\/2025\/08\/1.png\",\"contentUrl\":\"https:\/\/digitalworkflowmasters.com\/romana\/wp-content\/uploads\/2025\/08\/1.png\",\"width\":1080,\"height\":1080,\"caption\":\"Digital Workflow Masters\"},\"image\":{\"@id\":\"https:\/\/digitalworkflowmasters.com\/romana\/#\/schema\/logo\/image\/\"},\"sameAs\":[\"https:\/\/www.facebook.com\/digitalworkflowmasters\/\",\"https:\/\/www.instagram.com\/digitalworkflowmasters\/\"]}]}<\/script>\n<!-- \/ Yoast SEO plugin. -->","yoast_head_json":{"title":"Detartraj extern GMM-P7LED - Digital Workflow Masters","description":"GMM-P7LED \u2013 scaler ultrasonic profesional pentru detartraj extern, detartraj ultrasonic, Paro \u0219i Endo. Cu manoper\u0103 LED, sterilizabil\u0103 \u0219i rezistent\u0103 la temperaturi \u00eenalte.","robots":{"index":"index","follow":"follow","max-snippet":"max-snippet:-1","max-image-preview":"max-image-preview:large","max-video-preview":"max-video-preview:-1"},"canonical":"https:\/\/digitalworkflowmasters.com\/romana\/shop\/gmm-p7led-ultrasonic-scaler\/","og_locale":"ro_RO","og_type":"article","og_title":"Detartraj extern GMM-P7LED - Digital Workflow Masters","og_description":"GMM-P7LED \u2013 scaler ultrasonic profesional pentru detartraj extern, detartraj ultrasonic, Paro \u0219i Endo. Cu manoper\u0103 LED, sterilizabil\u0103 \u0219i rezistent\u0103 la temperaturi \u00eenalte.","og_url":"https:\/\/digitalworkflowmasters.com\/romana\/shop\/gmm-p7led-ultrasonic-scaler\/","og_site_name":"Digital Workflow Masters","article_publisher":"https:\/\/www.facebook.com\/digitalworkflowmasters\/","article_modified_time":"2025-06-26T10:57:28+00:00","og_image":[{"width":2560,"height":2560,"url":"https:\/\/digitalworkflowmasters.com\/romana\/wp-content\/uploads\/2025\/03\/white-P7L-2-scaled-1-1.jpg","type":"image\/jpeg"}],"twitter_card":"summary_large_image","twitter_misc":{"Timp estimat pentru citire":"1 minut"},"schema":{"@context":"https:\/\/schema.org","@graph":[{"@type":"WebPage","@id":"https:\/\/digitalworkflowmasters.com\/romana\/shop\/gmm-p7led-ultrasonic-scaler\/","url":"https:\/\/digitalworkflowmasters.com\/romana\/shop\/gmm-p7led-ultrasonic-scaler\/","name":"Detartraj extern GMM-P7LED - Digital Workflow Masters","isPartOf":{"@id":"https:\/\/digitalworkflowmasters.com\/romana\/#website"},"primaryImageOfPage":{"@id":"https:\/\/digitalworkflowmasters.com\/romana\/shop\/gmm-p7led-ultrasonic-scaler\/#primaryimage"},"image":{"@id":"https:\/\/digitalworkflowmasters.com\/romana\/shop\/gmm-p7led-ultrasonic-scaler\/#primaryimage"},"thumbnailUrl":"https:\/\/digitalworkflowmasters.com\/romana\/wp-content\/uploads\/2025\/03\/white-P7L-2-scaled-1-1.jpg","datePublished":"2025-03-26T08:33:21+00:00","dateModified":"2025-06-26T10:57:28+00:00","description":"GMM-P7LED \u2013 scaler ultrasonic profesional pentru detartraj extern, detartraj ultrasonic, Paro \u0219i Endo. Cu manoper\u0103 LED, sterilizabil\u0103 \u0219i rezistent\u0103 la temperaturi \u00eenalte.","breadcrumb":{"@id":"https:\/\/digitalworkflowmasters.com\/romana\/shop\/gmm-p7led-ultrasonic-scaler\/#breadcrumb"},"inLanguage":"ro-RO","potentialAction":[{"@type":"ReadAction","target":["https:\/\/digitalworkflowmasters.com\/romana\/shop\/gmm-p7led-ultrasonic-scaler\/"]}]},{"@type":"ImageObject","inLanguage":"ro-RO","@id":"https:\/\/digitalworkflowmasters.com\/romana\/shop\/gmm-p7led-ultrasonic-scaler\/#primaryimage","url":"https:\/\/digitalworkflowmasters.com\/romana\/wp-content\/uploads\/2025\/03\/white-P7L-2-scaled-1-1.jpg","contentUrl":"https:\/\/digitalworkflowmasters.com\/romana\/wp-content\/uploads\/2025\/03\/white-P7L-2-scaled-1-1.jpg","width":2560,"height":2560},{"@type":"BreadcrumbList","@id":"https:\/\/digitalworkflowmasters.com\/romana\/shop\/gmm-p7led-ultrasonic-scaler\/#breadcrumb","itemListElement":[{"@type":"ListItem","position":1,"name":"Home","item":"https:\/\/digitalworkflowmasters.com\/romana\/"},{"@type":"ListItem","position":2,"name":"Products","item":"https:\/\/digitalworkflowmasters.com\/romana\/shop\/"},{"@type":"ListItem","position":3,"name":"Profilaxie","item":"https:\/\/digitalworkflowmasters.com\/romana\/product-category\/profilaxie\/"},{"@type":"ListItem","position":4,"name":"Echipament de detartraj dentar, flux de aer","item":"https:\/\/digitalworkflowmasters.com\/romana\/product-category\/profilaxie\/echipament-de-detartraj-dentar-flux-de-aer\/"},{"@type":"ListItem","position":5,"name":"Detartraj extern GMM-P7LED"}]},{"@type":"WebSite","@id":"https:\/\/digitalworkflowmasters.com\/romana\/#website","url":"https:\/\/digitalworkflowmasters.com\/romana\/","name":"Digital Workflow Masters","description":"Premium Dental Equipment","publisher":{"@id":"https:\/\/digitalworkflowmasters.com\/romana\/#organization"},"potentialAction":[{"@type":"SearchAction","target":{"@type":"EntryPoint","urlTemplate":"https:\/\/digitalworkflowmasters.com\/romana\/?s={search_term_string}"},"query-input":{"@type":"PropertyValueSpecification","valueRequired":true,"valueName":"search_term_string"}}],"inLanguage":"ro-RO"},{"@type":"Organization","@id":"https:\/\/digitalworkflowmasters.com\/romana\/#organization","name":"Digital Workflow Masters","url":"https:\/\/digitalworkflowmasters.com\/romana\/","logo":{"@type":"ImageObject","inLanguage":"ro-RO","@id":"https:\/\/digitalworkflowmasters.com\/romana\/#\/schema\/logo\/image\/","url":"https:\/\/digitalworkflowmasters.com\/romana\/wp-content\/uploads\/2025\/08\/1.png","contentUrl":"https:\/\/digitalworkflowmasters.com\/romana\/wp-content\/uploads\/2025\/08\/1.png","width":1080,"height":1080,"caption":"Digital Workflow Masters"},"image":{"@id":"https:\/\/digitalworkflowmasters.com\/romana\/#\/schema\/logo\/image\/"},"sameAs":["https:\/\/www.facebook.com\/digitalworkflowmasters\/","https:\/\/www.instagram.com\/digitalworkflowmasters\/"]}]}},"_links":{"self":[{"href":"https:\/\/digitalworkflowmasters.com\/romana\/wp-json\/wp\/v2\/product\/6131","targetHints":{"allow":["GET"]}}],"collection":[{"href":"https:\/\/digitalworkflowmasters.com\/romana\/wp-json\/wp\/v2\/product"}],"about":[{"href":"https:\/\/digitalworkflowmasters.com\/romana\/wp-json\/wp\/v2\/types\/product"}],"version-history":[{"count":0,"href":"https:\/\/digitalworkflowmasters.com\/romana\/wp-json\/wp\/v2\/product\/6131\/revisions"}],"wp:featuredmedia":[{"embeddable":true,"href":"https:\/\/digitalworkflowmasters.com\/romana\/wp-json\/wp\/v2\/media\/32788"}],"wp:attachment":[{"href":"https:\/\/digitalworkflowmasters.com\/romana\/wp-json\/wp\/v2\/media?parent=6131"}],"wp:term":[{"taxonomy":"product_brand","embeddable":true,"href":"https:\/\/digitalworkflowmasters.com\/romana\/wp-json\/wp\/v2\/product_brand?post=6131"},{"taxonomy":"product_cat","embeddable":true,"href":"https:\/\/digitalworkflowmasters.com\/romana\/wp-json\/wp\/v2\/product_cat?post=6131"},{"taxonomy":"product_tag","embeddable":true,"href":"https:\/\/digitalworkflowmasters.com\/romana\/wp-json\/wp\/v2\/product_tag?post=6131"}],"curies":[{"name":"wp","href":"https:\/\/api.w.org\/{rel}","templated":true}]}}