{"id":8257,"date":"2025-03-26T08:33:28","date_gmt":"2025-03-26T08:33:28","guid":{"rendered":"https:\/\/digitalworkflowmasters.com\/?post_type=product&#038;p=8257"},"modified":"2025-06-25T20:24:05","modified_gmt":"2025-06-25T20:24:05","slug":"sirona-laser","status":"publish","type":"product","link":"https:\/\/digitalworkflowmasters.com\/romana\/shop\/sirona-laser\/","title":{"rendered":"Laser SiroBlue Sirona"},"content":{"rendered":"<ul>\n<li>\n<h3 data-start=\"245\" data-end=\"302\"><strong data-start=\"249\" data-end=\"302\">Laser dentar SiroBlue Sirona<\/strong><\/h3>\n<p data-start=\"304\" data-end=\"739\"><strong data-start=\"304\" data-end=\"316\">SiroBlue<\/strong> de la <strong data-start=\"323\" data-end=\"333\">Sirona<\/strong> este un <strong data-start=\"342\" data-end=\"386\">laser dentar portabil \u0219i multifunc\u021bional<\/strong>, proiectat pentru a oferi tratamente sigure, eficiente \u0219i minim invazive \u00een <strong data-start=\"463\" data-end=\"514\">chirurgia dentar\u0103, endodon\u021bie \u0219i parodontologie<\/strong>. Acest sistem cu diod\u0103 de \u00eenalt\u0103 performan\u021b\u0103 este ideal pentru tratamente cu laser \u00een cabinete stomatologice moderne, datorit\u0103 <strong data-start=\"642\" data-end=\"678\">interfe\u021bei touchscreen intuitive<\/strong>, <strong data-start=\"680\" data-end=\"709\">piesei de m\u00e2n\u0103 ergonomice<\/strong> \u0219i func\u021bionalit\u0103\u021bii avansate.<\/p>\n<p data-start=\"741\" data-end=\"1092\">Dispozitivul include <strong data-start=\"762\" data-end=\"795\">24 de aplica\u021bii preprogramate<\/strong>, dintre care 12 pot fi salvate ca favorite, iar p\u00e2n\u0103 la <strong data-start=\"852\" data-end=\"869\">6 utilizatori<\/strong> pot accesa set\u0103rile proprii prin cod PIN. <strong data-start=\"912\" data-end=\"931\">Pedala wireless<\/strong> \u0219i func\u021bionarea pe baterie ofer\u0103 <strong data-start=\"965\" data-end=\"991\">portabilitate complet\u0103<\/strong>, f\u0103c\u00e2ndu-l ideal pentru cabinetele care doresc libertate \u0219i flexibilitate \u00een interven\u021biile cu laser.<\/p>\n<p data-start=\"1094\" data-end=\"1455\"><strong data-start=\"1094\" data-end=\"1106\">SiroBlue<\/strong> este recomandat pentru o gam\u0103 larg\u0103 de indica\u021bii clinice, inclusiv: <strong data-start=\"1175\" data-end=\"1301\">frenectomii, gingivectomii, tratamente pentru peri-implantit\u0103, decontaminare parodontal\u0103, reducerea germenilor endodontici<\/strong>, \u0219i multe altele. Este o solu\u021bie complet\u0103 pentru <strong data-start=\"1351\" data-end=\"1402\">tratament laser paro \u0219i chirurgie dentar\u0103 laser<\/strong>, cu confort operator \u0219i rezultate clinice excelente.<\/p>\n<hr data-start=\"1457\" data-end=\"1460\" \/>\n<h3 data-start=\"1462\" data-end=\"1506\"><strong data-start=\"1466\" data-end=\"1506\">Indica\u021bii clinice \u2013 SiroBlue Sirona:<\/strong><\/h3>\n<p data-start=\"1508\" data-end=\"1538\"><strong data-start=\"1508\" data-end=\"1536\">Chirurgie dentar\u0103 laser:<\/strong><\/p>\n<ul data-start=\"1539\" data-end=\"1702\">\n<li data-start=\"1539\" data-end=\"1577\">\n<p data-start=\"1541\" data-end=\"1577\">Abces, epulis, fibrom, frenectomie<\/p>\n<\/li>\n<li data-start=\"1578\" data-end=\"1611\">\n<p data-start=\"1580\" data-end=\"1611\">Gingivectomie, gingivoplastie<\/p>\n<\/li>\n<li data-start=\"1612\" data-end=\"1651\">\n<p data-start=\"1614\" data-end=\"1651\">Descoperire implant, periculectomie<\/p>\n<\/li>\n<li data-start=\"1652\" data-end=\"1702\">\n<p data-start=\"1654\" data-end=\"1702\">Troughing gingival (ghidare amprentare digital\u0103)<\/p>\n<\/li>\n<\/ul>\n<p data-start=\"1704\" data-end=\"1721\"><strong data-start=\"1704\" data-end=\"1719\">Endodon\u021bie:<\/strong><\/p>\n<ul data-start=\"1722\" data-end=\"1788\">\n<li data-start=\"1722\" data-end=\"1765\">\n<p data-start=\"1724\" data-end=\"1765\">Reducerea florei bacteriene endodontice<\/p>\n<\/li>\n<li data-start=\"1766\" data-end=\"1788\">\n<p data-start=\"1768\" data-end=\"1788\">Pulpotomii, gangrene<\/p>\n<\/li>\n<\/ul>\n<p data-start=\"1790\" data-end=\"1811\"><strong data-start=\"1790\" data-end=\"1809\">Parodontologie:<\/strong><\/p>\n<ul data-start=\"1812\" data-end=\"1904\">\n<li data-start=\"1812\" data-end=\"1835\">\n<p data-start=\"1814\" data-end=\"1835\">Debridare sulcular\u0103<\/p>\n<\/li>\n<li data-start=\"1836\" data-end=\"1868\">\n<p data-start=\"1838\" data-end=\"1868\">Tratamentul peri-implantitei<\/p>\n<\/li>\n<li data-start=\"1869\" data-end=\"1904\">\n<p data-start=\"1871\" data-end=\"1904\">Reducerea bacteriilor parodontale<\/p>\n<\/li>\n<\/ul>\n<hr data-start=\"1906\" data-end=\"1909\" \/>\n<h3 data-start=\"1911\" data-end=\"1945\"><strong data-start=\"1915\" data-end=\"1945\">Caracteristici principale:<\/strong><\/h3>\n<ul data-start=\"1946\" data-end=\"2264\">\n<li data-start=\"1946\" data-end=\"1990\">\n<p data-start=\"1948\" data-end=\"1990\"><strong data-start=\"1948\" data-end=\"1988\">Display touchscreen u\u0219or de utilizat<\/strong><\/p>\n<\/li>\n<li data-start=\"1991\" data-end=\"2038\">\n<p data-start=\"1993\" data-end=\"2038\"><strong data-start=\"1993\" data-end=\"2036\">24 aplica\u021bii programabile + 12 favorite<\/strong><\/p>\n<\/li>\n<li data-start=\"2039\" data-end=\"2081\">\n<p data-start=\"2041\" data-end=\"2081\"><strong data-start=\"2041\" data-end=\"2079\">P\u00e2n\u0103 la 6 utilizatori cu acces PIN<\/strong><\/p>\n<\/li>\n<li data-start=\"2082\" data-end=\"2154\">\n<p data-start=\"2084\" data-end=\"2154\"><strong data-start=\"2084\" data-end=\"2152\">Pedal\u0103 wireless \u0219i func\u021bionare pe baterie \u2013 portabilitate total\u0103<\/strong><\/p>\n<\/li>\n<li data-start=\"2155\" data-end=\"2204\">\n<p data-start=\"2157\" data-end=\"2204\"><strong data-start=\"2157\" data-end=\"2202\">Meniu de asisten\u021b\u0103 pentru fiecare program<\/strong><\/p>\n<\/li>\n<li data-start=\"2205\" data-end=\"2264\">\n<p data-start=\"2207\" data-end=\"2264\"><strong data-start=\"2207\" data-end=\"2262\">Pies\u0103 de m\u00e2n\u0103 ergonomic\u0103 cu activare tactil\u0103 rapid\u0103<\/strong><\/p>\n<\/li>\n<\/ul>\n<\/li>\n<\/ul>\n","protected":false},"excerpt":{"rendered":"<p><strong data-start=\"2317\" data-end=\"2336\">SiroBlue Sirona<\/strong> este un laser dentar cu touchscreen, portabil, cu aplica\u021bii preprogramate pentru tratamente parodontale, endodontice \u0219i chirurgie laser dentar\u0103.<\/p>\n","protected":false},"featured_media":32987,"template":"","meta":{"_acf_changed":false,"om_disable_all_campaigns":false},"product_brand":[],"product_cat":[453],"product_tag":[],"class_list":{"0":"post-8257","1":"product","2":"type-product","3":"status-publish","4":"has-post-thumbnail","6":"product_cat-laser-chirurgie","8":"first","9":"instock","10":"shipping-taxable","11":"purchasable","12":"product-type-simple"},"acf":[],"yoast_head":"<!-- This site is optimized with the Yoast SEO plugin v25.3 - https:\/\/yoast.com\/wordpress\/plugins\/seo\/ -->\n<title>Laser SiroBlue Sirona - Digital Workflow Masters<\/title>\n<meta name=\"description\" content=\"Laser dentar SiroBlue Sirona \u2013 tratament laser paro, endo \u0219i chirurgie dentar\u0103 laser. Touchscreen, pedal\u0103 wireless, portabil \u0219i complet programabil.\" \/>\n<meta name=\"robots\" content=\"index, follow, max-snippet:-1, max-image-preview:large, max-video-preview:-1\" \/>\n<link rel=\"canonical\" href=\"https:\/\/digitalworkflowmasters.com\/romana\/shop\/sirona-laser\/\" \/>\n<meta property=\"og:locale\" content=\"ro_RO\" \/>\n<meta property=\"og:type\" content=\"article\" \/>\n<meta property=\"og:title\" content=\"Laser SiroBlue Sirona - Digital Workflow Masters\" \/>\n<meta property=\"og:description\" content=\"Laser dentar SiroBlue Sirona \u2013 tratament laser paro, endo \u0219i chirurgie dentar\u0103 laser. Touchscreen, pedal\u0103 wireless, portabil \u0219i complet programabil.\" \/>\n<meta property=\"og:url\" content=\"https:\/\/digitalworkflowmasters.com\/romana\/shop\/sirona-laser\/\" \/>\n<meta property=\"og:site_name\" content=\"Digital Workflow Masters\" \/>\n<meta property=\"article:publisher\" content=\"https:\/\/www.facebook.com\/digitalworkflowmasters\/\" \/>\n<meta property=\"article:modified_time\" content=\"2025-06-25T20:24:05+00:00\" \/>\n<meta property=\"og:image\" content=\"https:\/\/digitalworkflowmasters.com\/romana\/wp-content\/uploads\/2025\/03\/siro-laser-sirona-1.jpg\" \/>\n\t<meta property=\"og:image:width\" content=\"800\" \/>\n\t<meta property=\"og:image:height\" content=\"800\" \/>\n\t<meta property=\"og:image:type\" content=\"image\/jpeg\" \/>\n<meta name=\"twitter:card\" content=\"summary_large_image\" \/>\n<meta name=\"twitter:label1\" content=\"Timp estimat pentru citire\" \/>\n\t<meta name=\"twitter:data1\" content=\"2 minute\" \/>\n<script type=\"application\/ld+json\" class=\"yoast-schema-graph\">{\"@context\":\"https:\/\/schema.org\",\"@graph\":[{\"@type\":\"WebPage\",\"@id\":\"https:\/\/digitalworkflowmasters.com\/romana\/shop\/sirona-laser\/\",\"url\":\"https:\/\/digitalworkflowmasters.com\/romana\/shop\/sirona-laser\/\",\"name\":\"Laser SiroBlue Sirona - Digital Workflow Masters\",\"isPartOf\":{\"@id\":\"https:\/\/digitalworkflowmasters.com\/romana\/#website\"},\"primaryImageOfPage\":{\"@id\":\"https:\/\/digitalworkflowmasters.com\/romana\/shop\/sirona-laser\/#primaryimage\"},\"image\":{\"@id\":\"https:\/\/digitalworkflowmasters.com\/romana\/shop\/sirona-laser\/#primaryimage\"},\"thumbnailUrl\":\"https:\/\/digitalworkflowmasters.com\/romana\/wp-content\/uploads\/2025\/03\/siro-laser-sirona-1.jpg\",\"datePublished\":\"2025-03-26T08:33:28+00:00\",\"dateModified\":\"2025-06-25T20:24:05+00:00\",\"description\":\"Laser dentar SiroBlue Sirona \u2013 tratament laser paro, endo \u0219i chirurgie dentar\u0103 laser. Touchscreen, pedal\u0103 wireless, portabil \u0219i complet programabil.\",\"breadcrumb\":{\"@id\":\"https:\/\/digitalworkflowmasters.com\/romana\/shop\/sirona-laser\/#breadcrumb\"},\"inLanguage\":\"ro-RO\",\"potentialAction\":[{\"@type\":\"ReadAction\",\"target\":[\"https:\/\/digitalworkflowmasters.com\/romana\/shop\/sirona-laser\/\"]}]},{\"@type\":\"ImageObject\",\"inLanguage\":\"ro-RO\",\"@id\":\"https:\/\/digitalworkflowmasters.com\/romana\/shop\/sirona-laser\/#primaryimage\",\"url\":\"https:\/\/digitalworkflowmasters.com\/romana\/wp-content\/uploads\/2025\/03\/siro-laser-sirona-1.jpg\",\"contentUrl\":\"https:\/\/digitalworkflowmasters.com\/romana\/wp-content\/uploads\/2025\/03\/siro-laser-sirona-1.jpg\",\"width\":800,\"height\":800},{\"@type\":\"BreadcrumbList\",\"@id\":\"https:\/\/digitalworkflowmasters.com\/romana\/shop\/sirona-laser\/#breadcrumb\",\"itemListElement\":[{\"@type\":\"ListItem\",\"position\":1,\"name\":\"Home\",\"item\":\"https:\/\/digitalworkflowmasters.com\/romana\/\"},{\"@type\":\"ListItem\",\"position\":2,\"name\":\"Products\",\"item\":\"https:\/\/digitalworkflowmasters.com\/romana\/shop\/\"},{\"@type\":\"ListItem\",\"position\":3,\"name\":\"Chirurgie\",\"item\":\"https:\/\/digitalworkflowmasters.com\/romana\/product-category\/chirurgie\/\"},{\"@type\":\"ListItem\",\"position\":4,\"name\":\"Laser, Chirurgie\",\"item\":\"https:\/\/digitalworkflowmasters.com\/romana\/product-category\/chirurgie\/laser-chirurgie\/\"},{\"@type\":\"ListItem\",\"position\":5,\"name\":\"Laser SiroBlue Sirona\"}]},{\"@type\":\"WebSite\",\"@id\":\"https:\/\/digitalworkflowmasters.com\/romana\/#website\",\"url\":\"https:\/\/digitalworkflowmasters.com\/romana\/\",\"name\":\"Digital Workflow Masters\",\"description\":\"Premium Dental Equipment\",\"publisher\":{\"@id\":\"https:\/\/digitalworkflowmasters.com\/romana\/#organization\"},\"potentialAction\":[{\"@type\":\"SearchAction\",\"target\":{\"@type\":\"EntryPoint\",\"urlTemplate\":\"https:\/\/digitalworkflowmasters.com\/romana\/?s={search_term_string}\"},\"query-input\":{\"@type\":\"PropertyValueSpecification\",\"valueRequired\":true,\"valueName\":\"search_term_string\"}}],\"inLanguage\":\"ro-RO\"},{\"@type\":\"Organization\",\"@id\":\"https:\/\/digitalworkflowmasters.com\/romana\/#organization\",\"name\":\"Digital Workflow Masters\",\"url\":\"https:\/\/digitalworkflowmasters.com\/romana\/\",\"logo\":{\"@type\":\"ImageObject\",\"inLanguage\":\"ro-RO\",\"@id\":\"https:\/\/digitalworkflowmasters.com\/romana\/#\/schema\/logo\/image\/\",\"url\":\"https:\/\/digitalworkflowmasters.com\/romana\/wp-content\/uploads\/2025\/08\/1.png\",\"contentUrl\":\"https:\/\/digitalworkflowmasters.com\/romana\/wp-content\/uploads\/2025\/08\/1.png\",\"width\":1080,\"height\":1080,\"caption\":\"Digital Workflow Masters\"},\"image\":{\"@id\":\"https:\/\/digitalworkflowmasters.com\/romana\/#\/schema\/logo\/image\/\"},\"sameAs\":[\"https:\/\/www.facebook.com\/digitalworkflowmasters\/\",\"https:\/\/www.instagram.com\/digitalworkflowmasters\/\"]}]}<\/script>\n<!-- \/ Yoast SEO plugin. -->","yoast_head_json":{"title":"Laser SiroBlue Sirona - Digital Workflow Masters","description":"Laser dentar SiroBlue Sirona \u2013 tratament laser paro, endo \u0219i chirurgie dentar\u0103 laser. Touchscreen, pedal\u0103 wireless, portabil \u0219i complet programabil.","robots":{"index":"index","follow":"follow","max-snippet":"max-snippet:-1","max-image-preview":"max-image-preview:large","max-video-preview":"max-video-preview:-1"},"canonical":"https:\/\/digitalworkflowmasters.com\/romana\/shop\/sirona-laser\/","og_locale":"ro_RO","og_type":"article","og_title":"Laser SiroBlue Sirona - Digital Workflow Masters","og_description":"Laser dentar SiroBlue Sirona \u2013 tratament laser paro, endo \u0219i chirurgie dentar\u0103 laser. Touchscreen, pedal\u0103 wireless, portabil \u0219i complet programabil.","og_url":"https:\/\/digitalworkflowmasters.com\/romana\/shop\/sirona-laser\/","og_site_name":"Digital Workflow Masters","article_publisher":"https:\/\/www.facebook.com\/digitalworkflowmasters\/","article_modified_time":"2025-06-25T20:24:05+00:00","og_image":[{"width":800,"height":800,"url":"https:\/\/digitalworkflowmasters.com\/romana\/wp-content\/uploads\/2025\/03\/siro-laser-sirona-1.jpg","type":"image\/jpeg"}],"twitter_card":"summary_large_image","twitter_misc":{"Timp estimat pentru citire":"2 minute"},"schema":{"@context":"https:\/\/schema.org","@graph":[{"@type":"WebPage","@id":"https:\/\/digitalworkflowmasters.com\/romana\/shop\/sirona-laser\/","url":"https:\/\/digitalworkflowmasters.com\/romana\/shop\/sirona-laser\/","name":"Laser SiroBlue Sirona - Digital Workflow Masters","isPartOf":{"@id":"https:\/\/digitalworkflowmasters.com\/romana\/#website"},"primaryImageOfPage":{"@id":"https:\/\/digitalworkflowmasters.com\/romana\/shop\/sirona-laser\/#primaryimage"},"image":{"@id":"https:\/\/digitalworkflowmasters.com\/romana\/shop\/sirona-laser\/#primaryimage"},"thumbnailUrl":"https:\/\/digitalworkflowmasters.com\/romana\/wp-content\/uploads\/2025\/03\/siro-laser-sirona-1.jpg","datePublished":"2025-03-26T08:33:28+00:00","dateModified":"2025-06-25T20:24:05+00:00","description":"Laser dentar SiroBlue Sirona \u2013 tratament laser paro, endo \u0219i chirurgie dentar\u0103 laser. Touchscreen, pedal\u0103 wireless, portabil \u0219i complet programabil.","breadcrumb":{"@id":"https:\/\/digitalworkflowmasters.com\/romana\/shop\/sirona-laser\/#breadcrumb"},"inLanguage":"ro-RO","potentialAction":[{"@type":"ReadAction","target":["https:\/\/digitalworkflowmasters.com\/romana\/shop\/sirona-laser\/"]}]},{"@type":"ImageObject","inLanguage":"ro-RO","@id":"https:\/\/digitalworkflowmasters.com\/romana\/shop\/sirona-laser\/#primaryimage","url":"https:\/\/digitalworkflowmasters.com\/romana\/wp-content\/uploads\/2025\/03\/siro-laser-sirona-1.jpg","contentUrl":"https:\/\/digitalworkflowmasters.com\/romana\/wp-content\/uploads\/2025\/03\/siro-laser-sirona-1.jpg","width":800,"height":800},{"@type":"BreadcrumbList","@id":"https:\/\/digitalworkflowmasters.com\/romana\/shop\/sirona-laser\/#breadcrumb","itemListElement":[{"@type":"ListItem","position":1,"name":"Home","item":"https:\/\/digitalworkflowmasters.com\/romana\/"},{"@type":"ListItem","position":2,"name":"Products","item":"https:\/\/digitalworkflowmasters.com\/romana\/shop\/"},{"@type":"ListItem","position":3,"name":"Chirurgie","item":"https:\/\/digitalworkflowmasters.com\/romana\/product-category\/chirurgie\/"},{"@type":"ListItem","position":4,"name":"Laser, Chirurgie","item":"https:\/\/digitalworkflowmasters.com\/romana\/product-category\/chirurgie\/laser-chirurgie\/"},{"@type":"ListItem","position":5,"name":"Laser SiroBlue Sirona"}]},{"@type":"WebSite","@id":"https:\/\/digitalworkflowmasters.com\/romana\/#website","url":"https:\/\/digitalworkflowmasters.com\/romana\/","name":"Digital Workflow Masters","description":"Premium Dental Equipment","publisher":{"@id":"https:\/\/digitalworkflowmasters.com\/romana\/#organization"},"potentialAction":[{"@type":"SearchAction","target":{"@type":"EntryPoint","urlTemplate":"https:\/\/digitalworkflowmasters.com\/romana\/?s={search_term_string}"},"query-input":{"@type":"PropertyValueSpecification","valueRequired":true,"valueName":"search_term_string"}}],"inLanguage":"ro-RO"},{"@type":"Organization","@id":"https:\/\/digitalworkflowmasters.com\/romana\/#organization","name":"Digital Workflow Masters","url":"https:\/\/digitalworkflowmasters.com\/romana\/","logo":{"@type":"ImageObject","inLanguage":"ro-RO","@id":"https:\/\/digitalworkflowmasters.com\/romana\/#\/schema\/logo\/image\/","url":"https:\/\/digitalworkflowmasters.com\/romana\/wp-content\/uploads\/2025\/08\/1.png","contentUrl":"https:\/\/digitalworkflowmasters.com\/romana\/wp-content\/uploads\/2025\/08\/1.png","width":1080,"height":1080,"caption":"Digital Workflow Masters"},"image":{"@id":"https:\/\/digitalworkflowmasters.com\/romana\/#\/schema\/logo\/image\/"},"sameAs":["https:\/\/www.facebook.com\/digitalworkflowmasters\/","https:\/\/www.instagram.com\/digitalworkflowmasters\/"]}]}},"_links":{"self":[{"href":"https:\/\/digitalworkflowmasters.com\/romana\/wp-json\/wp\/v2\/product\/8257","targetHints":{"allow":["GET"]}}],"collection":[{"href":"https:\/\/digitalworkflowmasters.com\/romana\/wp-json\/wp\/v2\/product"}],"about":[{"href":"https:\/\/digitalworkflowmasters.com\/romana\/wp-json\/wp\/v2\/types\/product"}],"version-history":[{"count":0,"href":"https:\/\/digitalworkflowmasters.com\/romana\/wp-json\/wp\/v2\/product\/8257\/revisions"}],"wp:featuredmedia":[{"embeddable":true,"href":"https:\/\/digitalworkflowmasters.com\/romana\/wp-json\/wp\/v2\/media\/32987"}],"wp:attachment":[{"href":"https:\/\/digitalworkflowmasters.com\/romana\/wp-json\/wp\/v2\/media?parent=8257"}],"wp:term":[{"taxonomy":"product_brand","embeddable":true,"href":"https:\/\/digitalworkflowmasters.com\/romana\/wp-json\/wp\/v2\/product_brand?post=8257"},{"taxonomy":"product_cat","embeddable":true,"href":"https:\/\/digitalworkflowmasters.com\/romana\/wp-json\/wp\/v2\/product_cat?post=8257"},{"taxonomy":"product_tag","embeddable":true,"href":"https:\/\/digitalworkflowmasters.com\/romana\/wp-json\/wp\/v2\/product_tag?post=8257"}],"curies":[{"name":"wp","href":"https:\/\/api.w.org\/{rel}","templated":true}]}}