{"id":8265,"date":"2025-03-26T08:33:28","date_gmt":"2025-03-26T08:33:28","guid":{"rendered":"https:\/\/digitalworkflowmasters.com\/?post_type=product&#038;p=8265"},"modified":"2025-06-25T20:14:44","modified_gmt":"2025-06-25T20:14:44","slug":"variosurg-3-nsk-surgical-unit","status":"publish","type":"product","link":"https:\/\/digitalworkflowmasters.com\/romana\/shop\/variosurg-3-nsk-surgical-unit\/","title":{"rendered":"Piezo NSK VarioSurg 3"},"content":{"rendered":"\t\t<div data-elementor-type=\"woo-post\" data-elementor-id=\"8265\" class=\"elementor elementor-8265\" data-elementor-post-type=\"product\">\n\t\t\t\t<div class=\"elementor-element elementor-element-267e7be4 e-flex e-con-boxed cmsmasters-block-default e-con e-parent\" data-id=\"267e7be4\" data-element_type=\"container\">\n\t\t\t\t\t<div class=\"e-con-inner\">\n\t\t\t\t<div class=\"elementor-element elementor-element-2b8d640f cmsmasters-block-default cmsmasters-sticky-default elementor-widget elementor-widget-text-editor\" data-id=\"2b8d640f\" data-element_type=\"widget\" data-widget_type=\"text-editor.default\">\n\t\t\t\t<div class=\"elementor-widget-container\">\n\t\t\t\t\t\t\t\t\t<h3 data-start=\"198\" data-end=\"248\"><strong data-start=\"202\" data-end=\"248\">Piezo NSK VarioSurg 3<\/strong><\/h3><p data-start=\"250\" data-end=\"636\"><strong data-start=\"250\" data-end=\"269\">NSK VarioSurg 3<\/strong> este un dispozitiv piezoelectric de <strong data-start=\"306\" data-end=\"351\">ultim\u0103 genera\u021bie pentru chirurgie dentar\u0103<\/strong>, conceput pentru a oferi t\u0103ieturi precise, sigure \u0219i minim invazive \u00een proceduri osoase. Folosind vibra\u021bii ultrasonice controlate (28\u201332 kHz), VarioSurg 3 este ideal pentru interven\u021bii precum <strong data-start=\"544\" data-end=\"635\">osteotomie, osteoplastie, sinus lift, chirurgie endodontic\u0103, parodontal\u0103 \u0219i ortodontic\u0103<\/strong>.<\/p><p data-start=\"638\" data-end=\"992\">Echipamentul dispune de <strong data-start=\"662\" data-end=\"691\">9 programe preconfigurate<\/strong> (5 pentru chirurgie, 2 pentru endodon\u021bie \u0219i 2 pentru parodontologie), ceea ce permite personalizarea set\u0103rilor \u00een func\u021bie de procedura dorit\u0103. <strong data-start=\"835\" data-end=\"882\">Debitul de iriga\u021bie reglabil (10\u201375 ml\/min)<\/strong> asigur\u0103 o r\u0103cire eficient\u0103 \u00een timpul interven\u021biei, protej\u00e2nd \u021besuturile \u0219i reduc\u00e2nd riscul de supra\u00eenc\u0103lzire.<\/p><p data-start=\"994\" data-end=\"1247\">Cu un design compact (256 x 220 x 100 mm) \u0219i interfa\u021b\u0103 intuitiv\u0103, VarioSurg 3 este alegerea ideal\u0103 pentru medicii denti\u0219ti care practic\u0103 <strong data-start=\"1131\" data-end=\"1171\">chirurgie piezoelectric\u0103 de precizie<\/strong>, cu control excelent al \u021besutului \u0219i o recuperare mai rapid\u0103 a pacientului.<\/p><hr data-start=\"1249\" data-end=\"1252\" \/><h3 data-start=\"1254\" data-end=\"1303\"><strong data-start=\"1258\" data-end=\"1303\">Indica\u021bii de utilizare \u2013 NSK VarioSurg 3:<\/strong><\/h3><ul data-start=\"1304\" data-end=\"1460\"><li data-start=\"1304\" data-end=\"1329\"><p data-start=\"1306\" data-end=\"1329\">Chirurgie parodontal\u0103<\/p><\/li><li data-start=\"1330\" data-end=\"1355\"><p data-start=\"1332\" data-end=\"1355\">Chirurgie endodontic\u0103<\/p><\/li><li data-start=\"1356\" data-end=\"1383\"><p data-start=\"1358\" data-end=\"1383\">Ortodon\u021bie chirurgical\u0103<\/p><\/li><li data-start=\"1384\" data-end=\"1414\"><p data-start=\"1386\" data-end=\"1414\">Osteotomie \u0219i osteoplastie<\/p><\/li><li data-start=\"1415\" data-end=\"1460\"><p data-start=\"1417\" data-end=\"1460\">Sinus lift (ridicarea membranei sinusale)<\/p><\/li><\/ul><hr data-start=\"1462\" data-end=\"1465\" \/><h3 data-start=\"1467\" data-end=\"1496\"><strong data-start=\"1471\" data-end=\"1496\">Specifica\u021bii tehnice:<\/strong><\/h3><ul data-start=\"1497\" data-end=\"1719\"><li data-start=\"1497\" data-end=\"1534\"><p data-start=\"1499\" data-end=\"1534\"><strong data-start=\"1499\" data-end=\"1522\">Frecven\u021b\u0103 de lucru:<\/strong> 28\u201332 kHz<\/p><\/li><li data-start=\"1535\" data-end=\"1579\"><p data-start=\"1537\" data-end=\"1579\"><strong data-start=\"1537\" data-end=\"1562\">Alimentare electric\u0103:<\/strong> 230V, 50\/60 Hz<\/p><\/li><li data-start=\"1580\" data-end=\"1616\"><p data-start=\"1582\" data-end=\"1616\"><strong data-start=\"1582\" data-end=\"1601\">Debit iriga\u021bie:<\/strong> 10\u201375 ml\/min<\/p><\/li><li data-start=\"1617\" data-end=\"1680\"><p data-start=\"1619\" data-end=\"1680\"><strong data-start=\"1619\" data-end=\"1642\">Programe presetate:<\/strong> 5 pentru chirurgie, 2 endo, 2 perio<\/p><\/li><li data-start=\"1681\" data-end=\"1719\"><p data-start=\"1683\" data-end=\"1719\"><strong data-start=\"1683\" data-end=\"1698\">Dimensiuni:<\/strong> 256 x 220 x 100 mm<\/p><\/li><\/ul><hr data-start=\"1721\" data-end=\"1724\" \/><h3 data-start=\"1726\" data-end=\"1743\"><strong data-start=\"1730\" data-end=\"1743\">Avantaje:<\/strong><\/h3><ul data-start=\"1744\" data-end=\"2055\"><li data-start=\"1744\" data-end=\"1795\"><p data-start=\"1746\" data-end=\"1795\"><strong data-start=\"1746\" data-end=\"1793\">Tehnologie piezoelectric\u0103 precis\u0103 \u0219i sigur\u0103<\/strong><\/p><\/li><li data-start=\"1796\" data-end=\"1855\"><p data-start=\"1798\" data-end=\"1855\"><strong data-start=\"1798\" data-end=\"1853\">Minim invaziv \u2013 protejeaz\u0103 \u021besuturile moi \u0219i nervii<\/strong><\/p><\/li><li data-start=\"1856\" data-end=\"1902\"><p data-start=\"1858\" data-end=\"1902\"><strong data-start=\"1858\" data-end=\"1900\">R\u0103cire eficient\u0103 cu iriga\u021bie reglabil\u0103<\/strong><\/p><\/li><li data-start=\"1903\" data-end=\"1954\"><p data-start=\"1905\" data-end=\"1954\"><strong data-start=\"1905\" data-end=\"1952\">Set\u0103ri dedicate pentru diverse specialit\u0103\u021bi<\/strong><\/p><\/li><li data-start=\"1955\" data-end=\"2007\"><p data-start=\"1957\" data-end=\"2007\"><strong data-start=\"1957\" data-end=\"2005\">Compact \u0219i u\u0219or de integrat \u00een orice cabinet<\/strong><\/p><\/li><li data-start=\"2008\" data-end=\"2055\"><p data-start=\"2010\" data-end=\"2055\"><strong data-start=\"2010\" data-end=\"2053\">Ideal pentru chirurgie dentar\u0103 avansat\u0103<\/strong><\/p><\/li><\/ul>\t\t\t\t\t\t\t\t<\/div>\n\t\t\t\t<\/div>\n\t\t\t\t\t<\/div>\n\t\t\t\t<\/div>\n\t\t\t\t<\/div>\n\t\t","protected":false},"excerpt":{"rendered":"<p><strong data-start=\"2108\" data-end=\"2127\">NSK VarioSurg 3<\/strong> este un piezochirurg de \u00eenalt\u0103 performan\u021b\u0103 pentru chirurgie dentar\u0103, oferind precizie, siguran\u021b\u0103 \u0219i control \u00een interven\u021biile osoase \u0219i parodontale.<\/p>\n","protected":false},"featured_media":32993,"template":"","meta":{"_acf_changed":false,"om_disable_all_campaigns":false},"product_brand":[],"product_cat":[454],"product_tag":[],"class_list":{"0":"post-8265","1":"product","2":"type-product","3":"status-publish","4":"has-post-thumbnail","6":"product_cat-piezo-chirurgie","8":"first","9":"instock","10":"shipping-taxable","11":"purchasable","12":"product-type-simple"},"acf":[],"yoast_head":"<!-- This site is optimized with the Yoast SEO plugin v25.3 - https:\/\/yoast.com\/wordpress\/plugins\/seo\/ -->\n<title>Piezo NSK VarioSurg 3 - Digital Workflow Masters<\/title>\n<meta name=\"description\" content=\"Piezo NSK VarioSurg 3 \u2013 sistem chirurgical ultrasonor pentru chirurgie dentar\u0103. Precizie \u00een osteotomie, sinus lift, endo \u0219i perio. Iriga\u021bie \u0219i programe presetate.\" \/>\n<meta name=\"robots\" content=\"index, follow, max-snippet:-1, max-image-preview:large, max-video-preview:-1\" \/>\n<link rel=\"canonical\" href=\"https:\/\/digitalworkflowmasters.com\/romana\/shop\/variosurg-3-nsk-surgical-unit\/\" \/>\n<meta property=\"og:locale\" content=\"ro_RO\" \/>\n<meta property=\"og:type\" content=\"article\" \/>\n<meta property=\"og:title\" content=\"Piezo NSK VarioSurg 3 - Digital Workflow Masters\" \/>\n<meta property=\"og:description\" content=\"Piezo NSK VarioSurg 3 \u2013 sistem chirurgical ultrasonor pentru chirurgie dentar\u0103. Precizie \u00een osteotomie, sinus lift, endo \u0219i perio. Iriga\u021bie \u0219i programe presetate.\" \/>\n<meta property=\"og:url\" content=\"https:\/\/digitalworkflowmasters.com\/romana\/shop\/variosurg-3-nsk-surgical-unit\/\" \/>\n<meta property=\"og:site_name\" content=\"Digital Workflow Masters\" \/>\n<meta property=\"article:publisher\" content=\"https:\/\/www.facebook.com\/digitalworkflowmasters\/\" \/>\n<meta property=\"article:modified_time\" content=\"2025-06-25T20:14:44+00:00\" \/>\n<meta property=\"og:image\" content=\"https:\/\/digitalworkflowmasters.com\/romana\/wp-content\/uploads\/2025\/03\/aparat-chirurgie-nas-1.jpg\" \/>\n\t<meta property=\"og:image:width\" content=\"800\" \/>\n\t<meta property=\"og:image:height\" content=\"800\" \/>\n\t<meta property=\"og:image:type\" content=\"image\/jpeg\" \/>\n<meta name=\"twitter:card\" content=\"summary_large_image\" \/>\n<meta name=\"twitter:label1\" content=\"Timp estimat pentru citire\" \/>\n\t<meta name=\"twitter:data1\" content=\"2 minute\" \/>\n<script type=\"application\/ld+json\" class=\"yoast-schema-graph\">{\"@context\":\"https:\/\/schema.org\",\"@graph\":[{\"@type\":\"WebPage\",\"@id\":\"https:\/\/digitalworkflowmasters.com\/romana\/shop\/variosurg-3-nsk-surgical-unit\/\",\"url\":\"https:\/\/digitalworkflowmasters.com\/romana\/shop\/variosurg-3-nsk-surgical-unit\/\",\"name\":\"Piezo NSK VarioSurg 3 - Digital Workflow Masters\",\"isPartOf\":{\"@id\":\"https:\/\/digitalworkflowmasters.com\/romana\/#website\"},\"primaryImageOfPage\":{\"@id\":\"https:\/\/digitalworkflowmasters.com\/romana\/shop\/variosurg-3-nsk-surgical-unit\/#primaryimage\"},\"image\":{\"@id\":\"https:\/\/digitalworkflowmasters.com\/romana\/shop\/variosurg-3-nsk-surgical-unit\/#primaryimage\"},\"thumbnailUrl\":\"https:\/\/digitalworkflowmasters.com\/romana\/wp-content\/uploads\/2025\/03\/aparat-chirurgie-nas-1.jpg\",\"datePublished\":\"2025-03-26T08:33:28+00:00\",\"dateModified\":\"2025-06-25T20:14:44+00:00\",\"description\":\"Piezo NSK VarioSurg 3 \u2013 sistem chirurgical ultrasonor pentru chirurgie dentar\u0103. Precizie \u00een osteotomie, sinus lift, endo \u0219i perio. Iriga\u021bie \u0219i programe presetate.\",\"breadcrumb\":{\"@id\":\"https:\/\/digitalworkflowmasters.com\/romana\/shop\/variosurg-3-nsk-surgical-unit\/#breadcrumb\"},\"inLanguage\":\"ro-RO\",\"potentialAction\":[{\"@type\":\"ReadAction\",\"target\":[\"https:\/\/digitalworkflowmasters.com\/romana\/shop\/variosurg-3-nsk-surgical-unit\/\"]}]},{\"@type\":\"ImageObject\",\"inLanguage\":\"ro-RO\",\"@id\":\"https:\/\/digitalworkflowmasters.com\/romana\/shop\/variosurg-3-nsk-surgical-unit\/#primaryimage\",\"url\":\"https:\/\/digitalworkflowmasters.com\/romana\/wp-content\/uploads\/2025\/03\/aparat-chirurgie-nas-1.jpg\",\"contentUrl\":\"https:\/\/digitalworkflowmasters.com\/romana\/wp-content\/uploads\/2025\/03\/aparat-chirurgie-nas-1.jpg\",\"width\":800,\"height\":800},{\"@type\":\"BreadcrumbList\",\"@id\":\"https:\/\/digitalworkflowmasters.com\/romana\/shop\/variosurg-3-nsk-surgical-unit\/#breadcrumb\",\"itemListElement\":[{\"@type\":\"ListItem\",\"position\":1,\"name\":\"Home\",\"item\":\"https:\/\/digitalworkflowmasters.com\/romana\/\"},{\"@type\":\"ListItem\",\"position\":2,\"name\":\"Products\",\"item\":\"https:\/\/digitalworkflowmasters.com\/romana\/shop\/\"},{\"@type\":\"ListItem\",\"position\":3,\"name\":\"Chirurgie\",\"item\":\"https:\/\/digitalworkflowmasters.com\/romana\/product-category\/chirurgie\/\"},{\"@type\":\"ListItem\",\"position\":4,\"name\":\"Piezo, Chirurgie\",\"item\":\"https:\/\/digitalworkflowmasters.com\/romana\/product-category\/chirurgie\/piezo-chirurgie\/\"},{\"@type\":\"ListItem\",\"position\":5,\"name\":\"Piezo NSK VarioSurg 3\"}]},{\"@type\":\"WebSite\",\"@id\":\"https:\/\/digitalworkflowmasters.com\/romana\/#website\",\"url\":\"https:\/\/digitalworkflowmasters.com\/romana\/\",\"name\":\"Digital Workflow Masters\",\"description\":\"Premium Dental Equipment\",\"publisher\":{\"@id\":\"https:\/\/digitalworkflowmasters.com\/romana\/#organization\"},\"potentialAction\":[{\"@type\":\"SearchAction\",\"target\":{\"@type\":\"EntryPoint\",\"urlTemplate\":\"https:\/\/digitalworkflowmasters.com\/romana\/?s={search_term_string}\"},\"query-input\":{\"@type\":\"PropertyValueSpecification\",\"valueRequired\":true,\"valueName\":\"search_term_string\"}}],\"inLanguage\":\"ro-RO\"},{\"@type\":\"Organization\",\"@id\":\"https:\/\/digitalworkflowmasters.com\/romana\/#organization\",\"name\":\"Digital Workflow Masters\",\"url\":\"https:\/\/digitalworkflowmasters.com\/romana\/\",\"logo\":{\"@type\":\"ImageObject\",\"inLanguage\":\"ro-RO\",\"@id\":\"https:\/\/digitalworkflowmasters.com\/romana\/#\/schema\/logo\/image\/\",\"url\":\"https:\/\/digitalworkflowmasters.com\/romana\/wp-content\/uploads\/2025\/08\/1.png\",\"contentUrl\":\"https:\/\/digitalworkflowmasters.com\/romana\/wp-content\/uploads\/2025\/08\/1.png\",\"width\":1080,\"height\":1080,\"caption\":\"Digital Workflow Masters\"},\"image\":{\"@id\":\"https:\/\/digitalworkflowmasters.com\/romana\/#\/schema\/logo\/image\/\"},\"sameAs\":[\"https:\/\/www.facebook.com\/digitalworkflowmasters\/\",\"https:\/\/www.instagram.com\/digitalworkflowmasters\/\"]}]}<\/script>\n<!-- \/ Yoast SEO plugin. -->","yoast_head_json":{"title":"Piezo NSK VarioSurg 3 - Digital Workflow Masters","description":"Piezo NSK VarioSurg 3 \u2013 sistem chirurgical ultrasonor pentru chirurgie dentar\u0103. Precizie \u00een osteotomie, sinus lift, endo \u0219i perio. Iriga\u021bie \u0219i programe presetate.","robots":{"index":"index","follow":"follow","max-snippet":"max-snippet:-1","max-image-preview":"max-image-preview:large","max-video-preview":"max-video-preview:-1"},"canonical":"https:\/\/digitalworkflowmasters.com\/romana\/shop\/variosurg-3-nsk-surgical-unit\/","og_locale":"ro_RO","og_type":"article","og_title":"Piezo NSK VarioSurg 3 - Digital Workflow Masters","og_description":"Piezo NSK VarioSurg 3 \u2013 sistem chirurgical ultrasonor pentru chirurgie dentar\u0103. Precizie \u00een osteotomie, sinus lift, endo \u0219i perio. Iriga\u021bie \u0219i programe presetate.","og_url":"https:\/\/digitalworkflowmasters.com\/romana\/shop\/variosurg-3-nsk-surgical-unit\/","og_site_name":"Digital Workflow Masters","article_publisher":"https:\/\/www.facebook.com\/digitalworkflowmasters\/","article_modified_time":"2025-06-25T20:14:44+00:00","og_image":[{"width":800,"height":800,"url":"https:\/\/digitalworkflowmasters.com\/romana\/wp-content\/uploads\/2025\/03\/aparat-chirurgie-nas-1.jpg","type":"image\/jpeg"}],"twitter_card":"summary_large_image","twitter_misc":{"Timp estimat pentru citire":"2 minute"},"schema":{"@context":"https:\/\/schema.org","@graph":[{"@type":"WebPage","@id":"https:\/\/digitalworkflowmasters.com\/romana\/shop\/variosurg-3-nsk-surgical-unit\/","url":"https:\/\/digitalworkflowmasters.com\/romana\/shop\/variosurg-3-nsk-surgical-unit\/","name":"Piezo NSK VarioSurg 3 - Digital Workflow Masters","isPartOf":{"@id":"https:\/\/digitalworkflowmasters.com\/romana\/#website"},"primaryImageOfPage":{"@id":"https:\/\/digitalworkflowmasters.com\/romana\/shop\/variosurg-3-nsk-surgical-unit\/#primaryimage"},"image":{"@id":"https:\/\/digitalworkflowmasters.com\/romana\/shop\/variosurg-3-nsk-surgical-unit\/#primaryimage"},"thumbnailUrl":"https:\/\/digitalworkflowmasters.com\/romana\/wp-content\/uploads\/2025\/03\/aparat-chirurgie-nas-1.jpg","datePublished":"2025-03-26T08:33:28+00:00","dateModified":"2025-06-25T20:14:44+00:00","description":"Piezo NSK VarioSurg 3 \u2013 sistem chirurgical ultrasonor pentru chirurgie dentar\u0103. Precizie \u00een osteotomie, sinus lift, endo \u0219i perio. Iriga\u021bie \u0219i programe presetate.","breadcrumb":{"@id":"https:\/\/digitalworkflowmasters.com\/romana\/shop\/variosurg-3-nsk-surgical-unit\/#breadcrumb"},"inLanguage":"ro-RO","potentialAction":[{"@type":"ReadAction","target":["https:\/\/digitalworkflowmasters.com\/romana\/shop\/variosurg-3-nsk-surgical-unit\/"]}]},{"@type":"ImageObject","inLanguage":"ro-RO","@id":"https:\/\/digitalworkflowmasters.com\/romana\/shop\/variosurg-3-nsk-surgical-unit\/#primaryimage","url":"https:\/\/digitalworkflowmasters.com\/romana\/wp-content\/uploads\/2025\/03\/aparat-chirurgie-nas-1.jpg","contentUrl":"https:\/\/digitalworkflowmasters.com\/romana\/wp-content\/uploads\/2025\/03\/aparat-chirurgie-nas-1.jpg","width":800,"height":800},{"@type":"BreadcrumbList","@id":"https:\/\/digitalworkflowmasters.com\/romana\/shop\/variosurg-3-nsk-surgical-unit\/#breadcrumb","itemListElement":[{"@type":"ListItem","position":1,"name":"Home","item":"https:\/\/digitalworkflowmasters.com\/romana\/"},{"@type":"ListItem","position":2,"name":"Products","item":"https:\/\/digitalworkflowmasters.com\/romana\/shop\/"},{"@type":"ListItem","position":3,"name":"Chirurgie","item":"https:\/\/digitalworkflowmasters.com\/romana\/product-category\/chirurgie\/"},{"@type":"ListItem","position":4,"name":"Piezo, Chirurgie","item":"https:\/\/digitalworkflowmasters.com\/romana\/product-category\/chirurgie\/piezo-chirurgie\/"},{"@type":"ListItem","position":5,"name":"Piezo NSK VarioSurg 3"}]},{"@type":"WebSite","@id":"https:\/\/digitalworkflowmasters.com\/romana\/#website","url":"https:\/\/digitalworkflowmasters.com\/romana\/","name":"Digital Workflow Masters","description":"Premium Dental Equipment","publisher":{"@id":"https:\/\/digitalworkflowmasters.com\/romana\/#organization"},"potentialAction":[{"@type":"SearchAction","target":{"@type":"EntryPoint","urlTemplate":"https:\/\/digitalworkflowmasters.com\/romana\/?s={search_term_string}"},"query-input":{"@type":"PropertyValueSpecification","valueRequired":true,"valueName":"search_term_string"}}],"inLanguage":"ro-RO"},{"@type":"Organization","@id":"https:\/\/digitalworkflowmasters.com\/romana\/#organization","name":"Digital Workflow Masters","url":"https:\/\/digitalworkflowmasters.com\/romana\/","logo":{"@type":"ImageObject","inLanguage":"ro-RO","@id":"https:\/\/digitalworkflowmasters.com\/romana\/#\/schema\/logo\/image\/","url":"https:\/\/digitalworkflowmasters.com\/romana\/wp-content\/uploads\/2025\/08\/1.png","contentUrl":"https:\/\/digitalworkflowmasters.com\/romana\/wp-content\/uploads\/2025\/08\/1.png","width":1080,"height":1080,"caption":"Digital Workflow Masters"},"image":{"@id":"https:\/\/digitalworkflowmasters.com\/romana\/#\/schema\/logo\/image\/"},"sameAs":["https:\/\/www.facebook.com\/digitalworkflowmasters\/","https:\/\/www.instagram.com\/digitalworkflowmasters\/"]}]}},"_links":{"self":[{"href":"https:\/\/digitalworkflowmasters.com\/romana\/wp-json\/wp\/v2\/product\/8265","targetHints":{"allow":["GET"]}}],"collection":[{"href":"https:\/\/digitalworkflowmasters.com\/romana\/wp-json\/wp\/v2\/product"}],"about":[{"href":"https:\/\/digitalworkflowmasters.com\/romana\/wp-json\/wp\/v2\/types\/product"}],"version-history":[{"count":0,"href":"https:\/\/digitalworkflowmasters.com\/romana\/wp-json\/wp\/v2\/product\/8265\/revisions"}],"wp:featuredmedia":[{"embeddable":true,"href":"https:\/\/digitalworkflowmasters.com\/romana\/wp-json\/wp\/v2\/media\/32993"}],"wp:attachment":[{"href":"https:\/\/digitalworkflowmasters.com\/romana\/wp-json\/wp\/v2\/media?parent=8265"}],"wp:term":[{"taxonomy":"product_brand","embeddable":true,"href":"https:\/\/digitalworkflowmasters.com\/romana\/wp-json\/wp\/v2\/product_brand?post=8265"},{"taxonomy":"product_cat","embeddable":true,"href":"https:\/\/digitalworkflowmasters.com\/romana\/wp-json\/wp\/v2\/product_cat?post=8265"},{"taxonomy":"product_tag","embeddable":true,"href":"https:\/\/digitalworkflowmasters.com\/romana\/wp-json\/wp\/v2\/product_tag?post=8265"}],"curies":[{"name":"wp","href":"https:\/\/api.w.org\/{rel}","templated":true}]}}