{"id":8278,"date":"2025-03-26T08:33:28","date_gmt":"2025-03-26T08:33:28","guid":{"rendered":"https:\/\/digitalworkflowmasters.com\/?post_type=product&#038;p=8278"},"modified":"2025-07-27T15:55:57","modified_gmt":"2025-07-27T15:55:57","slug":"morita-dentaport-zx-endomotor-set-with-apex-locator","status":"publish","type":"product","link":"https:\/\/digitalworkflowmasters.com\/romana\/shop\/morita-dentaport-zx-endomotor-set-with-apex-locator\/","title":{"rendered":"Set Endomotor cu apex locator Morita DentaPort ZX"},"content":{"rendered":"<h3 data-start=\"264\" data-end=\"342\"><strong data-start=\"268\" data-end=\"342\">Set Endomotor cu Apex Locator Morita DentaPort ZX<\/strong><\/h3>\n<p data-start=\"344\" data-end=\"772\"><strong data-start=\"344\" data-end=\"367\">Morita DentaPort ZX<\/strong> este un <strong data-start=\"376\" data-end=\"422\">sistem complet pentru tratament endodontic<\/strong>, care combin\u0103 cu precizie trei func\u021bii esen\u021biale \u00eentr-o singur\u0103 platform\u0103: <strong data-start=\"498\" data-end=\"575\">localizarea apexului, prepararea canalului \u0219i op\u021bional, fotopolimerizarea<\/strong>. Este compus din recunoscutul <strong data-start=\"606\" data-end=\"640\">apex locator DentaPort Root ZX<\/strong> \u0219i modulul de frezare rotativ\u0103 <strong data-start=\"672\" data-end=\"687\">TriAuto OTR<\/strong>, oferind un control complet asupra tratamentului endo, de la m\u0103surare la finalizare.<\/p>\n<p data-start=\"774\" data-end=\"1152\">Func\u021bia inteligent\u0103 <strong data-start=\"794\" data-end=\"826\">OTR (Optimum Torque Reverse)<\/strong> asigur\u0103 o preparare sigur\u0103 a canalelor, cu minimizarea riscului de fractur\u0103 a acelor. Cu doar <strong data-start=\"921\" data-end=\"941\">1\u20133 ace rotative<\/strong>, se poate realiza o preparare complet\u0103, reduc\u00e2nd consumabilele \u0219i timpul de lucru. De asemenea, sistemul integreaz\u0103 un <strong data-start=\"1061\" data-end=\"1084\">electrod \u00eencorporat<\/strong> care extinde distan\u021ba de lucru \u0219i ofer\u0103 flexibilitate operatorului.<\/p>\n<p data-start=\"1154\" data-end=\"1398\">DentaPort ZX este modular \u0219i poate fi extins cu o <strong data-start=\"1204\" data-end=\"1233\">lamp\u0103 de fotopolimerizare<\/strong>, oferind un control suplimentar \u00een etapele finale. Este o solu\u021bie ideal\u0103 pentru cabinetele care doresc <strong data-start=\"1337\" data-end=\"1373\">eficien\u021b\u0103, precizie \u0219i siguran\u021b\u0103<\/strong> \u00een tratamentul pe canal.<\/p>\n<hr data-start=\"1400\" data-end=\"1403\" \/>\n<h3 data-start=\"1405\" data-end=\"1440\"><strong data-start=\"1409\" data-end=\"1440\">Utiliz\u0103ri ale DentaPort ZX:<\/strong><\/h3>\n<ul data-start=\"1441\" data-end=\"1722\">\n<li data-start=\"1441\" data-end=\"1493\">\n<p data-start=\"1443\" data-end=\"1493\">M\u0103surarea precis\u0103 a lungimii canalului radicular<\/p>\n<\/li>\n<li data-start=\"1494\" data-end=\"1551\">\n<p data-start=\"1496\" data-end=\"1551\">Prepararea mecanic\u0103 a canalelor cu rota\u021bie controlat\u0103<\/p>\n<\/li>\n<li data-start=\"1552\" data-end=\"1601\">\n<p data-start=\"1554\" data-end=\"1601\">Protec\u021bie \u00eempotriva fracturii acului prin OTR<\/p>\n<\/li>\n<li data-start=\"1602\" data-end=\"1667\">\n<p data-start=\"1604\" data-end=\"1667\">Posibilitate de integrare a l\u0103mpii pentru polimerizare final\u0103<\/p>\n<\/li>\n<li data-start=\"1668\" data-end=\"1722\">\n<p data-start=\"1670\" data-end=\"1722\">Tratament complet endodontic \u00eentr-un singur sistem<\/p>\n<\/li>\n<\/ul>\n<hr data-start=\"1724\" data-end=\"1727\" \/>\n<h3 data-start=\"1729\" data-end=\"1746\"><strong data-start=\"1733\" data-end=\"1746\">Avantaje:<\/strong><\/h3>\n<ul data-start=\"1747\" data-end=\"2181\">\n<li data-start=\"1747\" data-end=\"1822\">\n<p data-start=\"1749\" data-end=\"1822\"><strong data-start=\"1749\" data-end=\"1820\">3 func\u021bii \u00eentr-un singur sistem (m\u0103surare, preparare, polimerizare)<\/strong><\/p>\n<\/li>\n<li data-start=\"1823\" data-end=\"1887\">\n<p data-start=\"1825\" data-end=\"1887\"><strong data-start=\"1825\" data-end=\"1885\">Apex locator Root ZX \u2013 standard de referin\u021b\u0103 \u00een precizie<\/strong><\/p>\n<\/li>\n<li data-start=\"1888\" data-end=\"1948\">\n<p data-start=\"1890\" data-end=\"1948\"><strong data-start=\"1890\" data-end=\"1946\">Func\u021bie OTR \u2013 inversare automat\u0103 la torsiune critic\u0103<\/strong><\/p>\n<\/li>\n<li data-start=\"1949\" data-end=\"1999\">\n<p data-start=\"1951\" data-end=\"1999\"><strong data-start=\"1951\" data-end=\"1997\">Ergonomie \u0219i flexibilitate clinic\u0103 sporit\u0103<\/strong><\/p>\n<\/li>\n<li data-start=\"2000\" data-end=\"2037\">\n<p data-start=\"2002\" data-end=\"2037\"><strong data-start=\"2002\" data-end=\"2035\">Preparare complet\u0103 cu 1\u20133 ace<\/strong><\/p>\n<\/li>\n<li data-start=\"2038\" data-end=\"2091\">\n<p data-start=\"2040\" data-end=\"2091\"><strong data-start=\"2040\" data-end=\"2089\">Electrod integrat \u2013 distan\u021b\u0103 de lucru extins\u0103<\/strong><\/p>\n<\/li>\n<li data-start=\"2092\" data-end=\"2129\">\n<p data-start=\"2094\" data-end=\"2129\"><strong data-start=\"2094\" data-end=\"2127\">Func\u021bii de siguran\u021b\u0103 automate<\/strong><\/p>\n<\/li>\n<li data-start=\"2130\" data-end=\"2181\">\n<p data-start=\"2132\" data-end=\"2181\"><strong data-start=\"2132\" data-end=\"2179\">Extensibil cu lamp\u0103 LED pentru polimerizare<\/strong><\/p>\n<\/li>\n<\/ul>\n","protected":false},"excerpt":{"rendered":"<p data-start=\"2234\" data-end=\"2397\"><strong data-start=\"2234\" data-end=\"2257\">DentaPort ZX Morita<\/strong> este un sistem endodontic complet cu apex locator, endomotor \u0219i op\u021bional lamp\u0103. Tratament sigur, rapid \u0219i precis \u00eentr-un singur dispozitiv.<\/p>\n","protected":false},"featured_media":33002,"template":"","meta":{"_acf_changed":false,"om_disable_all_campaigns":false},"product_brand":[],"product_cat":[377,535],"product_tag":[],"class_list":{"0":"post-8278","1":"product","2":"type-product","3":"status-publish","4":"has-post-thumbnail","6":"product_cat-endodontie","7":"product_cat-endomotoare","9":"first","10":"instock","11":"shipping-taxable","12":"purchasable","13":"product-type-simple"},"acf":[],"yoast_head":"<!-- This site is optimized with the Yoast SEO plugin v25.3 - https:\/\/yoast.com\/wordpress\/plugins\/seo\/ -->\n<title>Set Endomotor cu apex locator Morita DentaPort ZX - Digital Workflow Masters<\/title>\n<meta name=\"description\" content=\"Endomotor cu apex locator Morita DentaPort ZX \u2013 tratament endo complet cu m\u0103surare, preparare \u0219i OTR. Precizie Root ZX, siguran\u021b\u0103 \u0219i eficien\u021b\u0103 \u00een canal.\" \/>\n<meta name=\"robots\" content=\"index, follow, max-snippet:-1, max-image-preview:large, max-video-preview:-1\" \/>\n<link rel=\"canonical\" href=\"https:\/\/digitalworkflowmasters.com\/romana\/shop\/morita-dentaport-zx-endomotor-set-with-apex-locator\/\" \/>\n<meta property=\"og:locale\" content=\"ro_RO\" \/>\n<meta property=\"og:type\" content=\"article\" \/>\n<meta property=\"og:title\" content=\"Set Endomotor cu apex locator Morita DentaPort ZX - Digital Workflow Masters\" \/>\n<meta property=\"og:description\" content=\"Endomotor cu apex locator Morita DentaPort ZX \u2013 tratament endo complet cu m\u0103surare, preparare \u0219i OTR. Precizie Root ZX, siguran\u021b\u0103 \u0219i eficien\u021b\u0103 \u00een canal.\" \/>\n<meta property=\"og:url\" content=\"https:\/\/digitalworkflowmasters.com\/romana\/shop\/morita-dentaport-zx-endomotor-set-with-apex-locator\/\" \/>\n<meta property=\"og:site_name\" content=\"Digital Workflow Masters\" \/>\n<meta property=\"article:publisher\" content=\"https:\/\/www.facebook.com\/digitalworkflowmasters\/\" \/>\n<meta property=\"article:modified_time\" content=\"2025-07-27T15:55:57+00:00\" \/>\n<meta property=\"og:image\" content=\"https:\/\/digitalworkflowmasters.com\/romana\/wp-content\/uploads\/2025\/03\/Set-Endomotor-cu-Apex-Locator-Morita-DentaPort-ZX-1.jpg\" \/>\n\t<meta property=\"og:image:width\" content=\"900\" \/>\n\t<meta property=\"og:image:height\" content=\"500\" \/>\n\t<meta property=\"og:image:type\" content=\"image\/jpeg\" \/>\n<meta name=\"twitter:card\" content=\"summary_large_image\" \/>\n<meta name=\"twitter:label1\" content=\"Timp estimat pentru citire\" \/>\n\t<meta name=\"twitter:data1\" content=\"2 minute\" \/>\n<script type=\"application\/ld+json\" class=\"yoast-schema-graph\">{\"@context\":\"https:\/\/schema.org\",\"@graph\":[{\"@type\":\"WebPage\",\"@id\":\"https:\/\/digitalworkflowmasters.com\/romana\/shop\/morita-dentaport-zx-endomotor-set-with-apex-locator\/\",\"url\":\"https:\/\/digitalworkflowmasters.com\/romana\/shop\/morita-dentaport-zx-endomotor-set-with-apex-locator\/\",\"name\":\"Set Endomotor cu apex locator Morita DentaPort ZX - Digital Workflow Masters\",\"isPartOf\":{\"@id\":\"https:\/\/digitalworkflowmasters.com\/romana\/#website\"},\"primaryImageOfPage\":{\"@id\":\"https:\/\/digitalworkflowmasters.com\/romana\/shop\/morita-dentaport-zx-endomotor-set-with-apex-locator\/#primaryimage\"},\"image\":{\"@id\":\"https:\/\/digitalworkflowmasters.com\/romana\/shop\/morita-dentaport-zx-endomotor-set-with-apex-locator\/#primaryimage\"},\"thumbnailUrl\":\"https:\/\/digitalworkflowmasters.com\/romana\/wp-content\/uploads\/2025\/03\/Set-Endomotor-cu-Apex-Locator-Morita-DentaPort-ZX-1.jpg\",\"datePublished\":\"2025-03-26T08:33:28+00:00\",\"dateModified\":\"2025-07-27T15:55:57+00:00\",\"description\":\"Endomotor cu apex locator Morita DentaPort ZX \u2013 tratament endo complet cu m\u0103surare, preparare \u0219i OTR. Precizie Root ZX, siguran\u021b\u0103 \u0219i eficien\u021b\u0103 \u00een canal.\",\"breadcrumb\":{\"@id\":\"https:\/\/digitalworkflowmasters.com\/romana\/shop\/morita-dentaport-zx-endomotor-set-with-apex-locator\/#breadcrumb\"},\"inLanguage\":\"ro-RO\",\"potentialAction\":[{\"@type\":\"ReadAction\",\"target\":[\"https:\/\/digitalworkflowmasters.com\/romana\/shop\/morita-dentaport-zx-endomotor-set-with-apex-locator\/\"]}]},{\"@type\":\"ImageObject\",\"inLanguage\":\"ro-RO\",\"@id\":\"https:\/\/digitalworkflowmasters.com\/romana\/shop\/morita-dentaport-zx-endomotor-set-with-apex-locator\/#primaryimage\",\"url\":\"https:\/\/digitalworkflowmasters.com\/romana\/wp-content\/uploads\/2025\/03\/Set-Endomotor-cu-Apex-Locator-Morita-DentaPort-ZX-1.jpg\",\"contentUrl\":\"https:\/\/digitalworkflowmasters.com\/romana\/wp-content\/uploads\/2025\/03\/Set-Endomotor-cu-Apex-Locator-Morita-DentaPort-ZX-1.jpg\",\"width\":900,\"height\":500},{\"@type\":\"BreadcrumbList\",\"@id\":\"https:\/\/digitalworkflowmasters.com\/romana\/shop\/morita-dentaport-zx-endomotor-set-with-apex-locator\/#breadcrumb\",\"itemListElement\":[{\"@type\":\"ListItem\",\"position\":1,\"name\":\"Home\",\"item\":\"https:\/\/digitalworkflowmasters.com\/romana\/\"},{\"@type\":\"ListItem\",\"position\":2,\"name\":\"Products\",\"item\":\"https:\/\/digitalworkflowmasters.com\/romana\/shop\/\"},{\"@type\":\"ListItem\",\"position\":3,\"name\":\"Endodontie\",\"item\":\"https:\/\/digitalworkflowmasters.com\/romana\/product-category\/endodontie\/\"},{\"@type\":\"ListItem\",\"position\":4,\"name\":\"Endomotoare\",\"item\":\"https:\/\/digitalworkflowmasters.com\/romana\/product-category\/endodontie\/endomotoare\/\"},{\"@type\":\"ListItem\",\"position\":5,\"name\":\"Set Endomotor cu apex locator Morita DentaPort ZX\"}]},{\"@type\":\"WebSite\",\"@id\":\"https:\/\/digitalworkflowmasters.com\/romana\/#website\",\"url\":\"https:\/\/digitalworkflowmasters.com\/romana\/\",\"name\":\"Digital Workflow Masters\",\"description\":\"Premium Dental Equipment\",\"publisher\":{\"@id\":\"https:\/\/digitalworkflowmasters.com\/romana\/#organization\"},\"potentialAction\":[{\"@type\":\"SearchAction\",\"target\":{\"@type\":\"EntryPoint\",\"urlTemplate\":\"https:\/\/digitalworkflowmasters.com\/romana\/?s={search_term_string}\"},\"query-input\":{\"@type\":\"PropertyValueSpecification\",\"valueRequired\":true,\"valueName\":\"search_term_string\"}}],\"inLanguage\":\"ro-RO\"},{\"@type\":\"Organization\",\"@id\":\"https:\/\/digitalworkflowmasters.com\/romana\/#organization\",\"name\":\"Digital Workflow Masters\",\"url\":\"https:\/\/digitalworkflowmasters.com\/romana\/\",\"logo\":{\"@type\":\"ImageObject\",\"inLanguage\":\"ro-RO\",\"@id\":\"https:\/\/digitalworkflowmasters.com\/romana\/#\/schema\/logo\/image\/\",\"url\":\"https:\/\/digitalworkflowmasters.com\/romana\/wp-content\/uploads\/2025\/08\/1.png\",\"contentUrl\":\"https:\/\/digitalworkflowmasters.com\/romana\/wp-content\/uploads\/2025\/08\/1.png\",\"width\":1080,\"height\":1080,\"caption\":\"Digital Workflow Masters\"},\"image\":{\"@id\":\"https:\/\/digitalworkflowmasters.com\/romana\/#\/schema\/logo\/image\/\"},\"sameAs\":[\"https:\/\/www.facebook.com\/digitalworkflowmasters\/\",\"https:\/\/www.instagram.com\/digitalworkflowmasters\/\"]}]}<\/script>\n<!-- \/ Yoast SEO plugin. -->","yoast_head_json":{"title":"Set Endomotor cu apex locator Morita DentaPort ZX - Digital Workflow Masters","description":"Endomotor cu apex locator Morita DentaPort ZX \u2013 tratament endo complet cu m\u0103surare, preparare \u0219i OTR. Precizie Root ZX, siguran\u021b\u0103 \u0219i eficien\u021b\u0103 \u00een canal.","robots":{"index":"index","follow":"follow","max-snippet":"max-snippet:-1","max-image-preview":"max-image-preview:large","max-video-preview":"max-video-preview:-1"},"canonical":"https:\/\/digitalworkflowmasters.com\/romana\/shop\/morita-dentaport-zx-endomotor-set-with-apex-locator\/","og_locale":"ro_RO","og_type":"article","og_title":"Set Endomotor cu apex locator Morita DentaPort ZX - Digital Workflow Masters","og_description":"Endomotor cu apex locator Morita DentaPort ZX \u2013 tratament endo complet cu m\u0103surare, preparare \u0219i OTR. Precizie Root ZX, siguran\u021b\u0103 \u0219i eficien\u021b\u0103 \u00een canal.","og_url":"https:\/\/digitalworkflowmasters.com\/romana\/shop\/morita-dentaport-zx-endomotor-set-with-apex-locator\/","og_site_name":"Digital Workflow Masters","article_publisher":"https:\/\/www.facebook.com\/digitalworkflowmasters\/","article_modified_time":"2025-07-27T15:55:57+00:00","og_image":[{"width":900,"height":500,"url":"https:\/\/digitalworkflowmasters.com\/romana\/wp-content\/uploads\/2025\/03\/Set-Endomotor-cu-Apex-Locator-Morita-DentaPort-ZX-1.jpg","type":"image\/jpeg"}],"twitter_card":"summary_large_image","twitter_misc":{"Timp estimat pentru citire":"2 minute"},"schema":{"@context":"https:\/\/schema.org","@graph":[{"@type":"WebPage","@id":"https:\/\/digitalworkflowmasters.com\/romana\/shop\/morita-dentaport-zx-endomotor-set-with-apex-locator\/","url":"https:\/\/digitalworkflowmasters.com\/romana\/shop\/morita-dentaport-zx-endomotor-set-with-apex-locator\/","name":"Set Endomotor cu apex locator Morita DentaPort ZX - Digital Workflow Masters","isPartOf":{"@id":"https:\/\/digitalworkflowmasters.com\/romana\/#website"},"primaryImageOfPage":{"@id":"https:\/\/digitalworkflowmasters.com\/romana\/shop\/morita-dentaport-zx-endomotor-set-with-apex-locator\/#primaryimage"},"image":{"@id":"https:\/\/digitalworkflowmasters.com\/romana\/shop\/morita-dentaport-zx-endomotor-set-with-apex-locator\/#primaryimage"},"thumbnailUrl":"https:\/\/digitalworkflowmasters.com\/romana\/wp-content\/uploads\/2025\/03\/Set-Endomotor-cu-Apex-Locator-Morita-DentaPort-ZX-1.jpg","datePublished":"2025-03-26T08:33:28+00:00","dateModified":"2025-07-27T15:55:57+00:00","description":"Endomotor cu apex locator Morita DentaPort ZX \u2013 tratament endo complet cu m\u0103surare, preparare \u0219i OTR. Precizie Root ZX, siguran\u021b\u0103 \u0219i eficien\u021b\u0103 \u00een canal.","breadcrumb":{"@id":"https:\/\/digitalworkflowmasters.com\/romana\/shop\/morita-dentaport-zx-endomotor-set-with-apex-locator\/#breadcrumb"},"inLanguage":"ro-RO","potentialAction":[{"@type":"ReadAction","target":["https:\/\/digitalworkflowmasters.com\/romana\/shop\/morita-dentaport-zx-endomotor-set-with-apex-locator\/"]}]},{"@type":"ImageObject","inLanguage":"ro-RO","@id":"https:\/\/digitalworkflowmasters.com\/romana\/shop\/morita-dentaport-zx-endomotor-set-with-apex-locator\/#primaryimage","url":"https:\/\/digitalworkflowmasters.com\/romana\/wp-content\/uploads\/2025\/03\/Set-Endomotor-cu-Apex-Locator-Morita-DentaPort-ZX-1.jpg","contentUrl":"https:\/\/digitalworkflowmasters.com\/romana\/wp-content\/uploads\/2025\/03\/Set-Endomotor-cu-Apex-Locator-Morita-DentaPort-ZX-1.jpg","width":900,"height":500},{"@type":"BreadcrumbList","@id":"https:\/\/digitalworkflowmasters.com\/romana\/shop\/morita-dentaport-zx-endomotor-set-with-apex-locator\/#breadcrumb","itemListElement":[{"@type":"ListItem","position":1,"name":"Home","item":"https:\/\/digitalworkflowmasters.com\/romana\/"},{"@type":"ListItem","position":2,"name":"Products","item":"https:\/\/digitalworkflowmasters.com\/romana\/shop\/"},{"@type":"ListItem","position":3,"name":"Endodontie","item":"https:\/\/digitalworkflowmasters.com\/romana\/product-category\/endodontie\/"},{"@type":"ListItem","position":4,"name":"Endomotoare","item":"https:\/\/digitalworkflowmasters.com\/romana\/product-category\/endodontie\/endomotoare\/"},{"@type":"ListItem","position":5,"name":"Set Endomotor cu apex locator Morita DentaPort ZX"}]},{"@type":"WebSite","@id":"https:\/\/digitalworkflowmasters.com\/romana\/#website","url":"https:\/\/digitalworkflowmasters.com\/romana\/","name":"Digital Workflow Masters","description":"Premium Dental Equipment","publisher":{"@id":"https:\/\/digitalworkflowmasters.com\/romana\/#organization"},"potentialAction":[{"@type":"SearchAction","target":{"@type":"EntryPoint","urlTemplate":"https:\/\/digitalworkflowmasters.com\/romana\/?s={search_term_string}"},"query-input":{"@type":"PropertyValueSpecification","valueRequired":true,"valueName":"search_term_string"}}],"inLanguage":"ro-RO"},{"@type":"Organization","@id":"https:\/\/digitalworkflowmasters.com\/romana\/#organization","name":"Digital Workflow Masters","url":"https:\/\/digitalworkflowmasters.com\/romana\/","logo":{"@type":"ImageObject","inLanguage":"ro-RO","@id":"https:\/\/digitalworkflowmasters.com\/romana\/#\/schema\/logo\/image\/","url":"https:\/\/digitalworkflowmasters.com\/romana\/wp-content\/uploads\/2025\/08\/1.png","contentUrl":"https:\/\/digitalworkflowmasters.com\/romana\/wp-content\/uploads\/2025\/08\/1.png","width":1080,"height":1080,"caption":"Digital Workflow Masters"},"image":{"@id":"https:\/\/digitalworkflowmasters.com\/romana\/#\/schema\/logo\/image\/"},"sameAs":["https:\/\/www.facebook.com\/digitalworkflowmasters\/","https:\/\/www.instagram.com\/digitalworkflowmasters\/"]}]}},"_links":{"self":[{"href":"https:\/\/digitalworkflowmasters.com\/romana\/wp-json\/wp\/v2\/product\/8278","targetHints":{"allow":["GET"]}}],"collection":[{"href":"https:\/\/digitalworkflowmasters.com\/romana\/wp-json\/wp\/v2\/product"}],"about":[{"href":"https:\/\/digitalworkflowmasters.com\/romana\/wp-json\/wp\/v2\/types\/product"}],"version-history":[{"count":0,"href":"https:\/\/digitalworkflowmasters.com\/romana\/wp-json\/wp\/v2\/product\/8278\/revisions"}],"wp:featuredmedia":[{"embeddable":true,"href":"https:\/\/digitalworkflowmasters.com\/romana\/wp-json\/wp\/v2\/media\/33002"}],"wp:attachment":[{"href":"https:\/\/digitalworkflowmasters.com\/romana\/wp-json\/wp\/v2\/media?parent=8278"}],"wp:term":[{"taxonomy":"product_brand","embeddable":true,"href":"https:\/\/digitalworkflowmasters.com\/romana\/wp-json\/wp\/v2\/product_brand?post=8278"},{"taxonomy":"product_cat","embeddable":true,"href":"https:\/\/digitalworkflowmasters.com\/romana\/wp-json\/wp\/v2\/product_cat?post=8278"},{"taxonomy":"product_tag","embeddable":true,"href":"https:\/\/digitalworkflowmasters.com\/romana\/wp-json\/wp\/v2\/product_tag?post=8278"}],"curies":[{"name":"wp","href":"https:\/\/api.w.org\/{rel}","templated":true}]}}