{"id":8482,"date":"2025-03-26T08:33:34","date_gmt":"2025-03-26T08:33:34","guid":{"rendered":"https:\/\/digitalworkflowmasters.com\/?post_type=product&#038;p=8482"},"modified":"2025-06-25T20:04:47","modified_gmt":"2025-06-25T20:04:47","slug":"sirona-mc-x5-milling-machine","status":"publish","type":"product","link":"https:\/\/digitalworkflowmasters.com\/romana\/shop\/sirona-mc-x5-milling-machine\/","title":{"rendered":"Masina frezat Sirona MC X5"},"content":{"rendered":"<h3 data-start=\"219\" data-end=\"283\"><strong data-start=\"223\" data-end=\"283\">Ma\u0219ina de frezat Sirona inLab MC X5<\/strong><\/h3>\n<p data-start=\"285\" data-end=\"712\"><strong data-start=\"285\" data-end=\"307\">Sirona inLab MC X5<\/strong> este o <strong data-start=\"315\" data-end=\"363\">ma\u0219in\u0103 de frezat CAD\/CAM de ultim\u0103 genera\u021bie<\/strong>, proiectat\u0103 special pentru <strong data-start=\"391\" data-end=\"427\">laboratoare dentare profesionale<\/strong> care doresc versatilitate, precizie \u0219i automatizare complet\u0103 \u00een procesul de frezare. Este o unitate de frezare <strong data-start=\"539\" data-end=\"561\">cu 5 axe simultane<\/strong>, capabil\u0103 s\u0103 prelucreze o gam\u0103 larg\u0103 de materiale dentare \u2013 de la zirconiu \u0219i disilicatii p\u00e2n\u0103 la metale sinterizabile, cear\u0103, PMMA \u0219i blocuri hibrid.<\/p>\n<p data-start=\"714\" data-end=\"1143\">MC X5 ofer\u0103 <strong data-start=\"726\" data-end=\"753\">frezare uscat\u0103 \u0219i umed\u0103<\/strong> \u00eentr-un singur sistem, elimin\u00e2nd necesitatea de echipamente multiple. Fiind complet integrabil\u0103 \u00een fluxurile digitale, accept\u0103 at\u00e2t lucr\u0103ri pe baz\u0103 de blocuri (unitare), c\u00e2t \u0219i pe discuri (restaur\u0103ri multiple sau proteze extinse). Combin\u00e2nd vitez\u0103, acurate\u021be \u0219i autonomie, este ideal\u0103 pentru produc\u021bia de restaur\u0103ri complexe, coroane, pun\u021bi, bonturi personalizate \u0219i \u0219abloane chirurgicale.<\/p>\n<p data-start=\"1145\" data-end=\"1316\">Sirona MC X5 este un echipament robust, silen\u021bios \u0219i automatizat, ce \u00eendepline\u0219te cerin\u021bele unui <strong data-start=\"1242\" data-end=\"1269\">laborator dentar modern<\/strong>, cu cerin\u021be ridicate de precizie \u0219i randament.<\/p>\n<hr data-start=\"1318\" data-end=\"1321\" \/>\n<h3 data-start=\"1323\" data-end=\"1364\"><strong data-start=\"1327\" data-end=\"1364\">Utiliz\u0103ri ale Sirona inLab MC X5:<\/strong><\/h3>\n<ul data-start=\"1365\" data-end=\"1652\">\n<li data-start=\"1365\" data-end=\"1432\">\n<p data-start=\"1367\" data-end=\"1432\">Frezare restaur\u0103ri dentare: coroane, pun\u021bi, inlay\/onlay, fa\u021bete<\/p>\n<\/li>\n<li data-start=\"1433\" data-end=\"1493\">\n<p data-start=\"1435\" data-end=\"1493\">Produc\u021bie de bonturi personalizate, ghiduri chirurgicale<\/p>\n<\/li>\n<li data-start=\"1494\" data-end=\"1577\">\n<p data-start=\"1496\" data-end=\"1577\">Prelucrare zirconiu, disilicat de litiu, PMMA, metale, cear\u0103, materiale hibride<\/p>\n<\/li>\n<li data-start=\"1578\" data-end=\"1652\">\n<p data-start=\"1580\" data-end=\"1652\">Frezare umed\u0103 \u0219i uscat\u0103 \u00een regim continuu, pentru orice volum de lucru<\/p>\n<\/li>\n<\/ul>\n<hr data-start=\"1654\" data-end=\"1657\" \/>\n<h3 data-start=\"1659\" data-end=\"1676\"><strong data-start=\"1663\" data-end=\"1676\">Avantaje:<\/strong><\/h3>\n<ul data-start=\"1677\" data-end=\"2067\">\n<li data-start=\"1677\" data-end=\"1755\">\n<p data-start=\"1679\" data-end=\"1755\"><strong data-start=\"1679\" data-end=\"1709\">Tehnologie 5 axe simultane<\/strong> \u2013 precizie \u00eenalt\u0103 pentru geometrii complexe<\/p>\n<\/li>\n<li data-start=\"1756\" data-end=\"1819\">\n<p data-start=\"1758\" data-end=\"1819\"><strong data-start=\"1758\" data-end=\"1785\">Frezare umed\u0103 \u0219i uscat\u0103<\/strong> \u2013 \u00eentr-un singur sistem compact<\/p>\n<\/li>\n<li data-start=\"1820\" data-end=\"1895\">\n<p data-start=\"1822\" data-end=\"1895\"><strong data-start=\"1822\" data-end=\"1893\">Compatibilitate extins\u0103 cu materiale \u0219i formate (blocuri &amp; discuri)<\/strong><\/p>\n<\/li>\n<li data-start=\"1896\" data-end=\"1950\">\n<p data-start=\"1898\" data-end=\"1950\"><strong data-start=\"1898\" data-end=\"1948\">Automatizare inteligent\u0103 \u0219i \u00eentre\u021binere minim\u0103<\/strong><\/p>\n<\/li>\n<li data-start=\"1951\" data-end=\"2010\">\n<p data-start=\"1953\" data-end=\"2010\"><strong data-start=\"1953\" data-end=\"2008\">Interfa\u021b\u0103 prietenoas\u0103 \u0219i integrare CAD\/CAM perfect\u0103<\/strong><\/p>\n<\/li>\n<li data-start=\"2011\" data-end=\"2067\">\n<p data-start=\"2013\" data-end=\"2067\"><strong data-start=\"2013\" data-end=\"2065\">Ideal\u0103 pentru orice laborator dentar digitalizat<\/strong><\/p>\n<\/li>\n<\/ul>\n","protected":false},"excerpt":{"rendered":"<p data-start=\"2120\" data-end=\"2269\"><strong data-start=\"2120\" data-end=\"2136\">Sirona MC X5<\/strong> este o ma\u0219in\u0103 de frezat dentar\u0103 cu 5 axe, pentru laboratoare care cer precizie, vitez\u0103 \u0219i versatilitate \u00een frezarea umed\u0103 \u0219i uscat\u0103.<\/p>\n","protected":false},"featured_media":33138,"template":"","meta":{"_acf_changed":false,"om_disable_all_campaigns":false},"product_brand":[],"product_cat":[323,436],"product_tag":[],"class_list":{"0":"post-8482","1":"product","2":"type-product","3":"status-publish","4":"has-post-thumbnail","6":"product_cat-cad-cam","7":"product_cat-cad-cam-radiologie","9":"first","10":"instock","11":"shipping-taxable","12":"purchasable","13":"product-type-simple"},"acf":[],"yoast_head":"<!-- This site is optimized with the Yoast SEO plugin v25.3 - https:\/\/yoast.com\/wordpress\/plugins\/seo\/ -->\n<title>Masina frezat Sirona MC X5 - Digital Workflow Masters<\/title>\n<meta name=\"description\" content=\"Ma\u0219in\u0103 de frezat Sirona MC X5 \u2013 frezare dentar\u0103 5 axe pentru laborator. Precizie, materiale multiple, umed\/uscat. Solu\u021bie CAD\/CAM profesional\u0103.\" \/>\n<meta name=\"robots\" content=\"index, follow, max-snippet:-1, max-image-preview:large, max-video-preview:-1\" \/>\n<link rel=\"canonical\" href=\"https:\/\/digitalworkflowmasters.com\/romana\/shop\/sirona-mc-x5-milling-machine\/\" \/>\n<meta property=\"og:locale\" content=\"ro_RO\" \/>\n<meta property=\"og:type\" content=\"article\" \/>\n<meta property=\"og:title\" content=\"Masina frezat Sirona MC X5 - Digital Workflow Masters\" \/>\n<meta property=\"og:description\" content=\"Ma\u0219in\u0103 de frezat Sirona MC X5 \u2013 frezare dentar\u0103 5 axe pentru laborator. Precizie, materiale multiple, umed\/uscat. Solu\u021bie CAD\/CAM profesional\u0103.\" \/>\n<meta property=\"og:url\" content=\"https:\/\/digitalworkflowmasters.com\/romana\/shop\/sirona-mc-x5-milling-machine\/\" \/>\n<meta property=\"og:site_name\" content=\"Digital Workflow Masters\" \/>\n<meta property=\"article:publisher\" content=\"https:\/\/www.facebook.com\/digitalworkflowmasters\/\" \/>\n<meta property=\"article:modified_time\" content=\"2025-06-25T20:04:47+00:00\" \/>\n<meta property=\"og:image\" content=\"https:\/\/digitalworkflowmasters.com\/romana\/wp-content\/uploads\/2025\/03\/masina-de-frezat-inlab-mc-x5-sirona-1-1.jpg\" \/>\n\t<meta property=\"og:image:width\" content=\"1738\" \/>\n\t<meta property=\"og:image:height\" content=\"1422\" \/>\n\t<meta property=\"og:image:type\" content=\"image\/jpeg\" \/>\n<meta name=\"twitter:card\" content=\"summary_large_image\" \/>\n<meta name=\"twitter:label1\" content=\"Timp estimat pentru citire\" \/>\n\t<meta name=\"twitter:data1\" content=\"2 minute\" \/>\n<script type=\"application\/ld+json\" class=\"yoast-schema-graph\">{\"@context\":\"https:\/\/schema.org\",\"@graph\":[{\"@type\":\"WebPage\",\"@id\":\"https:\/\/digitalworkflowmasters.com\/romana\/shop\/sirona-mc-x5-milling-machine\/\",\"url\":\"https:\/\/digitalworkflowmasters.com\/romana\/shop\/sirona-mc-x5-milling-machine\/\",\"name\":\"Masina frezat Sirona MC X5 - Digital Workflow Masters\",\"isPartOf\":{\"@id\":\"https:\/\/digitalworkflowmasters.com\/romana\/#website\"},\"primaryImageOfPage\":{\"@id\":\"https:\/\/digitalworkflowmasters.com\/romana\/shop\/sirona-mc-x5-milling-machine\/#primaryimage\"},\"image\":{\"@id\":\"https:\/\/digitalworkflowmasters.com\/romana\/shop\/sirona-mc-x5-milling-machine\/#primaryimage\"},\"thumbnailUrl\":\"https:\/\/digitalworkflowmasters.com\/romana\/wp-content\/uploads\/2025\/03\/masina-de-frezat-inlab-mc-x5-sirona-1-1.jpg\",\"datePublished\":\"2025-03-26T08:33:34+00:00\",\"dateModified\":\"2025-06-25T20:04:47+00:00\",\"description\":\"Ma\u0219in\u0103 de frezat Sirona MC X5 \u2013 frezare dentar\u0103 5 axe pentru laborator. Precizie, materiale multiple, umed\/uscat. Solu\u021bie CAD\/CAM profesional\u0103.\",\"breadcrumb\":{\"@id\":\"https:\/\/digitalworkflowmasters.com\/romana\/shop\/sirona-mc-x5-milling-machine\/#breadcrumb\"},\"inLanguage\":\"ro-RO\",\"potentialAction\":[{\"@type\":\"ReadAction\",\"target\":[\"https:\/\/digitalworkflowmasters.com\/romana\/shop\/sirona-mc-x5-milling-machine\/\"]}]},{\"@type\":\"ImageObject\",\"inLanguage\":\"ro-RO\",\"@id\":\"https:\/\/digitalworkflowmasters.com\/romana\/shop\/sirona-mc-x5-milling-machine\/#primaryimage\",\"url\":\"https:\/\/digitalworkflowmasters.com\/romana\/wp-content\/uploads\/2025\/03\/masina-de-frezat-inlab-mc-x5-sirona-1-1.jpg\",\"contentUrl\":\"https:\/\/digitalworkflowmasters.com\/romana\/wp-content\/uploads\/2025\/03\/masina-de-frezat-inlab-mc-x5-sirona-1-1.jpg\",\"width\":1738,\"height\":1422},{\"@type\":\"BreadcrumbList\",\"@id\":\"https:\/\/digitalworkflowmasters.com\/romana\/shop\/sirona-mc-x5-milling-machine\/#breadcrumb\",\"itemListElement\":[{\"@type\":\"ListItem\",\"position\":1,\"name\":\"Home\",\"item\":\"https:\/\/digitalworkflowmasters.com\/romana\/\"},{\"@type\":\"ListItem\",\"position\":2,\"name\":\"Products\",\"item\":\"https:\/\/digitalworkflowmasters.com\/romana\/shop\/\"},{\"@type\":\"ListItem\",\"position\":3,\"name\":\"CAD CAM\",\"item\":\"https:\/\/digitalworkflowmasters.com\/romana\/product-category\/cad-cam\/\"},{\"@type\":\"ListItem\",\"position\":4,\"name\":\"Masina frezat Sirona MC X5\"}]},{\"@type\":\"WebSite\",\"@id\":\"https:\/\/digitalworkflowmasters.com\/romana\/#website\",\"url\":\"https:\/\/digitalworkflowmasters.com\/romana\/\",\"name\":\"Digital Workflow Masters\",\"description\":\"Premium Dental Equipment\",\"publisher\":{\"@id\":\"https:\/\/digitalworkflowmasters.com\/romana\/#organization\"},\"potentialAction\":[{\"@type\":\"SearchAction\",\"target\":{\"@type\":\"EntryPoint\",\"urlTemplate\":\"https:\/\/digitalworkflowmasters.com\/romana\/?s={search_term_string}\"},\"query-input\":{\"@type\":\"PropertyValueSpecification\",\"valueRequired\":true,\"valueName\":\"search_term_string\"}}],\"inLanguage\":\"ro-RO\"},{\"@type\":\"Organization\",\"@id\":\"https:\/\/digitalworkflowmasters.com\/romana\/#organization\",\"name\":\"Digital Workflow Masters\",\"url\":\"https:\/\/digitalworkflowmasters.com\/romana\/\",\"logo\":{\"@type\":\"ImageObject\",\"inLanguage\":\"ro-RO\",\"@id\":\"https:\/\/digitalworkflowmasters.com\/romana\/#\/schema\/logo\/image\/\",\"url\":\"https:\/\/digitalworkflowmasters.com\/romana\/wp-content\/uploads\/2025\/08\/1.png\",\"contentUrl\":\"https:\/\/digitalworkflowmasters.com\/romana\/wp-content\/uploads\/2025\/08\/1.png\",\"width\":1080,\"height\":1080,\"caption\":\"Digital Workflow Masters\"},\"image\":{\"@id\":\"https:\/\/digitalworkflowmasters.com\/romana\/#\/schema\/logo\/image\/\"},\"sameAs\":[\"https:\/\/www.facebook.com\/digitalworkflowmasters\/\",\"https:\/\/www.instagram.com\/digitalworkflowmasters\/\"]}]}<\/script>\n<!-- \/ Yoast SEO plugin. -->","yoast_head_json":{"title":"Masina frezat Sirona MC X5 - Digital Workflow Masters","description":"Ma\u0219in\u0103 de frezat Sirona MC X5 \u2013 frezare dentar\u0103 5 axe pentru laborator. Precizie, materiale multiple, umed\/uscat. Solu\u021bie CAD\/CAM profesional\u0103.","robots":{"index":"index","follow":"follow","max-snippet":"max-snippet:-1","max-image-preview":"max-image-preview:large","max-video-preview":"max-video-preview:-1"},"canonical":"https:\/\/digitalworkflowmasters.com\/romana\/shop\/sirona-mc-x5-milling-machine\/","og_locale":"ro_RO","og_type":"article","og_title":"Masina frezat Sirona MC X5 - Digital Workflow Masters","og_description":"Ma\u0219in\u0103 de frezat Sirona MC X5 \u2013 frezare dentar\u0103 5 axe pentru laborator. Precizie, materiale multiple, umed\/uscat. Solu\u021bie CAD\/CAM profesional\u0103.","og_url":"https:\/\/digitalworkflowmasters.com\/romana\/shop\/sirona-mc-x5-milling-machine\/","og_site_name":"Digital Workflow Masters","article_publisher":"https:\/\/www.facebook.com\/digitalworkflowmasters\/","article_modified_time":"2025-06-25T20:04:47+00:00","og_image":[{"width":1738,"height":1422,"url":"https:\/\/digitalworkflowmasters.com\/romana\/wp-content\/uploads\/2025\/03\/masina-de-frezat-inlab-mc-x5-sirona-1-1.jpg","type":"image\/jpeg"}],"twitter_card":"summary_large_image","twitter_misc":{"Timp estimat pentru citire":"2 minute"},"schema":{"@context":"https:\/\/schema.org","@graph":[{"@type":"WebPage","@id":"https:\/\/digitalworkflowmasters.com\/romana\/shop\/sirona-mc-x5-milling-machine\/","url":"https:\/\/digitalworkflowmasters.com\/romana\/shop\/sirona-mc-x5-milling-machine\/","name":"Masina frezat Sirona MC X5 - Digital Workflow Masters","isPartOf":{"@id":"https:\/\/digitalworkflowmasters.com\/romana\/#website"},"primaryImageOfPage":{"@id":"https:\/\/digitalworkflowmasters.com\/romana\/shop\/sirona-mc-x5-milling-machine\/#primaryimage"},"image":{"@id":"https:\/\/digitalworkflowmasters.com\/romana\/shop\/sirona-mc-x5-milling-machine\/#primaryimage"},"thumbnailUrl":"https:\/\/digitalworkflowmasters.com\/romana\/wp-content\/uploads\/2025\/03\/masina-de-frezat-inlab-mc-x5-sirona-1-1.jpg","datePublished":"2025-03-26T08:33:34+00:00","dateModified":"2025-06-25T20:04:47+00:00","description":"Ma\u0219in\u0103 de frezat Sirona MC X5 \u2013 frezare dentar\u0103 5 axe pentru laborator. Precizie, materiale multiple, umed\/uscat. Solu\u021bie CAD\/CAM profesional\u0103.","breadcrumb":{"@id":"https:\/\/digitalworkflowmasters.com\/romana\/shop\/sirona-mc-x5-milling-machine\/#breadcrumb"},"inLanguage":"ro-RO","potentialAction":[{"@type":"ReadAction","target":["https:\/\/digitalworkflowmasters.com\/romana\/shop\/sirona-mc-x5-milling-machine\/"]}]},{"@type":"ImageObject","inLanguage":"ro-RO","@id":"https:\/\/digitalworkflowmasters.com\/romana\/shop\/sirona-mc-x5-milling-machine\/#primaryimage","url":"https:\/\/digitalworkflowmasters.com\/romana\/wp-content\/uploads\/2025\/03\/masina-de-frezat-inlab-mc-x5-sirona-1-1.jpg","contentUrl":"https:\/\/digitalworkflowmasters.com\/romana\/wp-content\/uploads\/2025\/03\/masina-de-frezat-inlab-mc-x5-sirona-1-1.jpg","width":1738,"height":1422},{"@type":"BreadcrumbList","@id":"https:\/\/digitalworkflowmasters.com\/romana\/shop\/sirona-mc-x5-milling-machine\/#breadcrumb","itemListElement":[{"@type":"ListItem","position":1,"name":"Home","item":"https:\/\/digitalworkflowmasters.com\/romana\/"},{"@type":"ListItem","position":2,"name":"Products","item":"https:\/\/digitalworkflowmasters.com\/romana\/shop\/"},{"@type":"ListItem","position":3,"name":"CAD CAM","item":"https:\/\/digitalworkflowmasters.com\/romana\/product-category\/cad-cam\/"},{"@type":"ListItem","position":4,"name":"Masina frezat Sirona MC X5"}]},{"@type":"WebSite","@id":"https:\/\/digitalworkflowmasters.com\/romana\/#website","url":"https:\/\/digitalworkflowmasters.com\/romana\/","name":"Digital Workflow Masters","description":"Premium Dental Equipment","publisher":{"@id":"https:\/\/digitalworkflowmasters.com\/romana\/#organization"},"potentialAction":[{"@type":"SearchAction","target":{"@type":"EntryPoint","urlTemplate":"https:\/\/digitalworkflowmasters.com\/romana\/?s={search_term_string}"},"query-input":{"@type":"PropertyValueSpecification","valueRequired":true,"valueName":"search_term_string"}}],"inLanguage":"ro-RO"},{"@type":"Organization","@id":"https:\/\/digitalworkflowmasters.com\/romana\/#organization","name":"Digital Workflow Masters","url":"https:\/\/digitalworkflowmasters.com\/romana\/","logo":{"@type":"ImageObject","inLanguage":"ro-RO","@id":"https:\/\/digitalworkflowmasters.com\/romana\/#\/schema\/logo\/image\/","url":"https:\/\/digitalworkflowmasters.com\/romana\/wp-content\/uploads\/2025\/08\/1.png","contentUrl":"https:\/\/digitalworkflowmasters.com\/romana\/wp-content\/uploads\/2025\/08\/1.png","width":1080,"height":1080,"caption":"Digital Workflow Masters"},"image":{"@id":"https:\/\/digitalworkflowmasters.com\/romana\/#\/schema\/logo\/image\/"},"sameAs":["https:\/\/www.facebook.com\/digitalworkflowmasters\/","https:\/\/www.instagram.com\/digitalworkflowmasters\/"]}]}},"_links":{"self":[{"href":"https:\/\/digitalworkflowmasters.com\/romana\/wp-json\/wp\/v2\/product\/8482","targetHints":{"allow":["GET"]}}],"collection":[{"href":"https:\/\/digitalworkflowmasters.com\/romana\/wp-json\/wp\/v2\/product"}],"about":[{"href":"https:\/\/digitalworkflowmasters.com\/romana\/wp-json\/wp\/v2\/types\/product"}],"version-history":[{"count":0,"href":"https:\/\/digitalworkflowmasters.com\/romana\/wp-json\/wp\/v2\/product\/8482\/revisions"}],"wp:featuredmedia":[{"embeddable":true,"href":"https:\/\/digitalworkflowmasters.com\/romana\/wp-json\/wp\/v2\/media\/33138"}],"wp:attachment":[{"href":"https:\/\/digitalworkflowmasters.com\/romana\/wp-json\/wp\/v2\/media?parent=8482"}],"wp:term":[{"taxonomy":"product_brand","embeddable":true,"href":"https:\/\/digitalworkflowmasters.com\/romana\/wp-json\/wp\/v2\/product_brand?post=8482"},{"taxonomy":"product_cat","embeddable":true,"href":"https:\/\/digitalworkflowmasters.com\/romana\/wp-json\/wp\/v2\/product_cat?post=8482"},{"taxonomy":"product_tag","embeddable":true,"href":"https:\/\/digitalworkflowmasters.com\/romana\/wp-json\/wp\/v2\/product_tag?post=8482"}],"curies":[{"name":"wp","href":"https:\/\/api.w.org\/{rel}","templated":true}]}}